829
CDUS42 KFFC 260919
CLIATL

CLIMATE REPORT
NATIONAL WEATHER SERVICE PEACHTREE CITY GA
419 AM EST THU NOV 26 2020

...................................

...THE ATLANTA CLIMATE SUMMARY FOR NOVEMBER 25 2020...

CLIMATE NORMAL PERIOD: 1981 TO 2010
CLIMATE RECORD PERIOD: 1878 TO 2020


WEATHER ITEM   OBSERVED TIME   RECORD YEAR NORMAL DEPARTURE LAST
                VALUE   (LST)  VALUE       VALUE  FROM      YEAR
                                                  NORMAL
...................................................................
TEMPERATURE (F)
 YESTERDAY
  MAXIMUM         72   1:51 PM  76    1973  60     12       63
  MINIMUM         48  12:27 AM   3    1950  42      6       37
  AVERAGE         60                        51      9       50

PRECIPITATION (IN)
  YESTERDAY        0.29          2.43 1992   0.14   0.15     0.00
  MONTH TO DATE    0.58                      3.35  -2.77     2.44
  SINCE SEP 1     14.48                     11.23   3.25     6.79
  SINCE JAN 1     62.35                     45.06  17.29    38.36

SNOWFALL (IN)
  YESTERDAY        0.0           0.0  2001   0.0    0.0      0.0
  MONTH TO DATE    0.0                       0.0    0.0      0.0
  SINCE SEP 1      0.0                       0.0    0.0      0.0
  SINCE JUL 1      0.0                       0.0    0.0      0.0
  SNOW DEPTH       0

DEGREE DAYS
 HEATING
  YESTERDAY        5                        14     -9       15
  MONTH TO DATE  162                       263   -101      337
  SINCE SEP 1    219                       392   -173      389
  SINCE JUL 1    219                       392   -173      389

 COOLING
  YESTERDAY        0                         0      0        0
  MONTH TO DATE   30                        11     19        0
  SINCE SEP 1    440                       344     96      695
  SINCE JAN 1   2108                      1883    225     2643
...................................................................


WIND (MPH)
  RESULTANT WIND SPEED   7   RESULTANT WIND DIRECTION  SE (150)
  HIGHEST WIND SPEED    26   HIGHEST WIND DIRECTION    NW (300)
  HIGHEST GUST SPEED    33   HIGHEST GUST DIRECTION    NW (300)
  AVERAGE WIND SPEED     9.6


SKY COVER
  AVERAGE SKY COVER 0.9


WEATHER CONDITIONS
THE FOLLOWING WEATHER WAS RECORDED YESTERDAY.
  HEAVY RAIN
  RAIN
  LIGHT RAIN
  FOG


RELATIVE HUMIDITY (PERCENT)
 HIGHEST    93           5:00 PM
 LOWEST     55           2:00 PM
 AVERAGE    74

..........................................................


THE ATLANTA CLIMATE NORMALS FOR TODAY
                         NORMAL    RECORD    YEAR
 MAXIMUM TEMPERATURE (F)   60        76      1908
                                             1973
 MINIMUM TEMPERATURE (F)   41        14      1950


SUNRISE AND SUNSET
NOVEMBER 26 2020......SUNRISE   7:20 AM EST   SUNSET   5:30 PM EST
NOVEMBER 27 2020......SUNRISE   7:21 AM EST   SUNSET   5:30 PM EST


-  INDICATES NEGATIVE NUMBERS.
R  INDICATES RECORD WAS SET OR TIED.
MM INDICATES DATA IS MISSING.
T  INDICATES TRACE AMOUNT.




$$
