000
CDUS44 KEWX 130731
CLIATT

CLIMATE REPORT
NATIONAL WEATHER SERVICE AUSTIN/SAN ANTONIO
231 AM CDT SUN JUN 13 2021

...................................

...THE AUSTIN CAMP MABRY CLIMATE SUMMARY FOR JUNE 12 2021...

CLIMATE NORMAL PERIOD: 1991 TO 2020
CLIMATE RECORD PERIOD: 1897 TO 2021


WEATHER ITEM   OBSERVED TIME   RECORD YEAR NORMAL DEPARTURE LAST
                VALUE   (LST)  VALUE       VALUE  FROM      YEAR
                                                  NORMAL
...................................................................
TEMPERATURE (F)
 YESTERDAY
  MAXIMUM         95   3:50 PM 103    1953  93      2       94
  MINIMUM         76   6:22 AM  60    1940  73      3       63
                                      1955
                                      1979
  AVERAGE         86                        83      3

PRECIPITATION (IN)
  YESTERDAY        0.00          3.03 1957   0.13  -0.13     0.00
  MONTH TO DATE    2.65                      1.66   0.99     0.01
  SINCE JUN 1      2.65                      1.66   0.99     0.01
  SINCE JAN 1     17.96                     16.53   1.43    19.41

SNOWFALL (IN)
  YESTERDAY        0.0
  MONTH TO DATE    0.0
  SINCE JUN 1      0.0
  SINCE JUL 1      7.9
  SNOW DEPTH      MM

DEGREE DAYS
 HEATING
  YESTERDAY        0                         0      0        0
  MONTH TO DATE    0                         0      0        0
  SINCE JUN 1      0                         0      0        0
  SINCE JUL 1   1411                      1443    -32     1238

 COOLING
  YESTERDAY       21                        18      3       14
  MONTH TO DATE  192                       203    -11      218
  SINCE JUN 1    192                       203    -11      218
  SINCE JAN 1    793                       852    -59     1021
...................................................................


WIND (MPH)
  HIGHEST WIND SPEED     9   HIGHEST WIND DIRECTION     E (110)
  HIGHEST GUST SPEED    18   HIGHEST GUST DIRECTION     S (180)
  AVERAGE WIND SPEED     3.6


SKY COVER
  AVERAGE SKY COVER 0.4


WEATHER CONDITIONS
THE FOLLOWING WEATHER WAS RECORDED YESTERDAY.
  FOG
  HAZE


RELATIVE HUMIDITY (PERCENT)
 HIGHEST    88           3:00 AM
 LOWEST     48           4:00 PM
 AVERAGE    68

..........................................................


THE AUSTIN CAMP MABRY CLIMATE NORMALS FOR TODAY
                         NORMAL    RECORD    YEAR
 MAXIMUM TEMPERATURE (F)   93       101      1960
                                             2006
                                             2011
 MINIMUM TEMPERATURE (F)   73        58      1903


SUNRISE AND SUNSET
JUNE 13 2021..........SUNRISE   6:28 AM CDT   SUNSET   8:34 PM CDT
JUNE 14 2021..........SUNRISE   6:29 AM CDT   SUNSET   8:34 PM CDT


-  INDICATES NEGATIVE NUMBERS.
R  INDICATES RECORD WAS SET OR TIED.
MM INDICATES DATA IS MISSING.
T  INDICATES TRACE AMOUNT.




$$
