979
CDUS43 KABR 290724
CLIATY

CLIMATE REPORT
NATIONAL WEATHER SERVICE ABERDEEN SD
124 AM CST SUN NOV 29 2020

...................................

...THE WATERTOWN SD CLIMATE SUMMARY FOR NOVEMBER 28 2020...

CLIMATE NORMAL PERIOD 1981 TO 2010
CLIMATE RECORD PERIOD 1898 TO 2020


WEATHER ITEM   OBSERVED TIME   RECORD YEAR NORMAL DEPARTURE LAST
                VALUE   (LST)  VALUE       VALUE  FROM      YEAR
                                                  NORMAL
...................................................................
TEMPERATURE (F)
 YESTERDAY
  MAXIMUM         52    248 PM  61    1941  31     21       24
  MINIMUM         20    723 AM -10    1985  14      6       20
  AVERAGE         36                        22     14       22

PRECIPITATION (IN)
  YESTERDAY        0.00          1.09 1960   0.02  -0.02      T
  MONTH TO DATE    0.99                      0.72   0.27     0.33
  SINCE SEP 1      2.92                      5.28  -2.36     6.81
  SINCE JAN 1     19.02                     21.51  -2.49    32.08

SNOWFALL (IN)
  YESTERDAY        0.0           7.0  2005   0.3   -0.3       T
  MONTH TO DATE    0.1                       4.5   -4.4      1.0
  SINCE OCT 1      5.6                       6.2   -0.6      2.5
  SINCE JUL 1      5.6                       6.2   -0.6      2.5
  SNOW DEPTH       0

DEGREE DAYS
 HEATING
  YESTERDAY       29                        42    -13       43
  MONTH TO DATE  791                       969   -178     1011
  SINCE SEP 1   1745                      1796    -51     1880
  SINCE JUL 1   1756                      1853    -97     1911

 COOLING
  YESTERDAY        0                         0      0        0
  MONTH TO DATE    0                         0      0        0
  SINCE SEP 1     28                        41    -13       51
  SINCE JAN 1    659                       515    144      466
...................................................................


WIND (MPH)
  HIGHEST WIND SPEED    18   HIGHEST WIND DIRECTION    NW (320)
  HIGHEST GUST SPEED    26   HIGHEST GUST DIRECTION    NW (320)
  AVERAGE WIND SPEED     9.4


SKY COVER
  AVERAGE SKY COVER 0.0


WEATHER CONDITIONS
THE FOLLOWING WEATHER WAS RECORDED YESTERDAY.
  NO SIGNIFICANT WEATHER WAS OBSERVED.


RELATIVE HUMIDITY (PERCENT)
 HIGHEST    85           800 AM
 LOWEST     33           300 PM
 AVERAGE    59

..........................................................


THE WATERTOWN SD CLIMATE NORMALS FOR TODAY
                         NORMAL    RECORD    YEAR
 MAXIMUM TEMPERATURE (F)   31        57      1932
 MINIMUM TEMPERATURE (F)   13       -19      1964


SUNRISE AND SUNSET
NOVEMBER 29 2020......SUNRISE   745 AM CST   SUNSET   449 PM CST
NOVEMBER 30 2020......SUNRISE   746 AM CST   SUNSET   449 PM CST


-  INDICATES NEGATIVE NUMBERS.
R  INDICATES RECORD WAS SET OR TIED.
MM INDICATES DATA IS MISSING.
T  INDICATES TRACE AMOUNT.




$$
