257
CDUS41 KGYX 282153
CLIAUG


CLIMATE REPORT
NATIONAL WEATHER SERVICE GRAY ME
453 PM EST SAT NOV 28 2020


...................................

...THE AUGUSTA CLIMATE SUMMARY FOR NOVEMBER 28 2020...
VALID TODAY AS OF 0400 PM LOCAL TIME.

CLIMATE NORMAL PERIOD 1981 TO 2010
CLIMATE RECORD PERIOD 1948 TO 2020


WEATHER ITEM   OBSERVED TIME   RECORD YEAR NORMAL DEPARTURE LAST
                VALUE   (LST)  VALUE       VALUE  FROM      YEAR
                                                  NORMAL
..................................................................
TEMPERATURE (F)
 TODAY
  MAXIMUM         43    259 PM  62    1990  40      3       35
  MINIMUM         37    634 AM   4    1951  26     11       32
  AVERAGE         40                        33      7       34

PRECIPITATION (IN)
  TODAY            0.01          1.56 2004   0.13  -0.12     0.05
  MONTH TO DATE    4.56                      4.10   0.46     2.91
  SINCE SEP 1     11.38                     12.20  -0.82    11.27
  SINCE JAN 1     34.91                     38.38  -3.47    39.26

DEGREE DAYS
 HEATING
  TODAY           25                        32     -7       31
  MONTH TO DATE  657                       748    -91      864
  SINCE SEP 1   1312                      1441   -129     1478
  SINCE JUL 1   1351                      1483   -132     1488

 COOLING
  TODAY            0                         0      0        0
  MONTH TO DATE    0                         0      0        0
  SINCE SEP 1     43                        31     12       21
  SINCE JAN 1    581                       388    193      445
..................................................................


WIND (MPH)
  HIGHEST WIND SPEED     8   HIGHEST WIND DIRECTION    NE (60)
  HIGHEST GUST SPEED    11   HIGHEST GUST DIRECTION    NE (30)
  AVERAGE WIND SPEED     1.6


SKY COVER
  AVERAGE SKY COVER 1.0


WEATHER CONDITIONS
 THE FOLLOWING WEATHER WAS RECORDED TODAY.
  LIGHT RAIN
  FOG


RELATIVE HUMIDITY (PERCENT)
 HIGHEST   100          1200 AM
 LOWEST     89           100 PM
 AVERAGE    95

..........................................................


THE AUGUSTA CLIMATE NORMALS FOR TOMORROW
                         NORMAL    RECORD    YEAR
 MAXIMUM TEMPERATURE (F)   40        59      2003
 MINIMUM TEMPERATURE (F)   26        11      1989


SUNRISE AND SUNSET
NOVEMBER 28 2020......SUNRISE   652 AM EST   SUNSET   402 PM EST
NOVEMBER 29 2020......SUNRISE   653 AM EST   SUNSET   402 PM EST


-  INDICATES NEGATIVE NUMBERS.
R  INDICATES RECORD WAS SET OR TIED.
MM INDICATES DATA IS MISSING.
T  INDICATES TRACE AMOUNT.




$$
