000
CDUS43 KGRB 260718
CLIAUW

CLIMATE REPORT
NATIONAL WEATHER SERVICE GREEN BAY
118 AM CST THU NOV 26 2020

...................................

...THE WAUSAU WI CLIMATE SUMMARY FOR NOVEMBER 25 2020...

CLIMATE NORMAL PERIOD: 1981 TO 2010
CLIMATE RECORD PERIOD: 1896 TO 2020


WEATHER ITEM   OBSERVED TIME   RECORD YEAR NORMAL DEPARTURE LAST
                VALUE   (LST)  VALUE       VALUE  FROM      YEAR
                                                  NORMAL
...................................................................
TEMPERATURE (F)
 YESTERDAY
  MAXIMUM         35   8:56 PM  56    1914  35      0       44
                                      1998
  MINIMUM         32   6:34 AM -15    1950  20     12       29
  AVERAGE         34                        28      6       37

PRECIPITATION (IN)
  YESTERDAY        0.00          0.83 1952   0.06  -0.06     0.00
  MONTH TO DATE    2.59                      1.71   0.88     0.82
  SINCE SEP 1      7.80                      8.55  -0.75    12.64
  SINCE JAN 1     34.52                     30.76   3.76    43.79

SNOWFALL (IN)
  YESTERDAY        0.0           4.0  1897   0.3   -0.3      0.0
  MONTH TO DATE    2.1                       5.2   -3.1      1.0
  SINCE JUL 1      6.6                       6.6   -0.0      1.0
  SNOW DEPTH       0

DEGREE DAYS
 HEATING
  YESTERDAY       31                        38     -7       28
  MONTH TO DATE  654                       782   -128      932
  SINCE SEP 1   1649                      1600     49     1716
  SINCE JUL 1   1678                      1666     12     1764

 COOLING
  YESTERDAY        0                         0      0        0
  MONTH TO DATE    0                         0      0        0
  SINCE SEP 1      9                        32    -23       40
  SINCE JAN 1    520                       407    113      363
...................................................................


WIND (MPH)
  HIGHEST WIND SPEED    12   HIGHEST WIND DIRECTION    NE (60)
  HIGHEST GUST SPEED    16   HIGHEST GUST DIRECTION    NE (30)
  AVERAGE WIND SPEED     5.2


SKY COVER
  POSSIBLE SUNSHINE  MM
  AVERAGE SKY COVER 1.0


WEATHER CONDITIONS
THE FOLLOWING WEATHER WAS RECORDED YESTERDAY.
  FOG
  FOG W/VISIBILITY <= 1/4 MILE


RELATIVE HUMIDITY (PERCENT)
 HIGHEST   100          12:00 AM
 LOWEST    100          12:00 AM
 AVERAGE   100

..........................................................


THE WAUSAU WI CLIMATE NORMALS FOR TODAY
                         NORMAL    RECORD    YEAR
 MAXIMUM TEMPERATURE (F)   34        59      1914
 MINIMUM TEMPERATURE (F)   20        -8      1977


SUNRISE AND SUNSET
NOVEMBER 26 2020......SUNRISE   7:11 AM CST   SUNSET   4:21 PM CST
NOVEMBER 27 2020......SUNRISE   7:12 AM CST   SUNSET   4:20 PM CST


-  INDICATES NEGATIVE NUMBERS.
R  INDICATES RECORD WAS SET OR TIED.
MM INDICATES DATA IS MISSING.
T  INDICATES TRACE AMOUNT.




$$
