000
CDUS42 KGSP 282130
CLIAVL

CLIMATE REPORT
NATIONAL WEATHER SERVICE GREENVILLE-SPARTANBURG SC
430 PM EST SAT NOV 28 2020

...................................

...THE ASHEVILLE NC CLIMATE SUMMARY FOR NOVEMBER 28 2020...
VALID TODAY AS OF 0400 PM LOCAL TIME.

CLIMATE NORMAL PERIOD 1981 TO 2010
CLIMATE RECORD PERIOD 1869 TO 2020


WEATHER ITEM   OBSERVED TIME   RECORD YEAR NORMAL DEPARTURE LAST
                VALUE   (LST)  VALUE       VALUE  FROM      YEAR
                                                  NORMAL
...................................................................
TEMPERATURE (F)
 TODAY
  MAXIMUM         63    259 PM  72    1970  54      9       58
                                      1990
  MINIMUM         47    334 AM  12    1936  33     14       39
  AVERAGE         55                        44     11       49

PRECIPITATION (IN)
  TODAY            0.03          2.59 2011   0.14  -0.11     0.00
  MONTH TO DATE    2.73                      3.37  -0.64     1.95
  SINCE SEP 1     17.16                     10.09   7.07    10.63
  SINCE JAN 1     59.79                     41.70  18.09    52.34

SNOWFALL (IN)
  TODAY            0.0           2.0  1876   0.0    0.0      0.0
  MONTH TO DATE    0.0                       0.1   -0.1       T
  SINCE SEP 1      0.0                       0.1   -0.1       T
  SINCE JUL 1      0.0                       0.1   -0.1       T
  SNOW DEPTH       0

DEGREE DAYS
 HEATING
  TODAY           10                        22    -12       16
  MONTH TO DATE  368                       488   -120      524
  SINCE SEP 1    564                       821   -257      682
  SINCE JUL 1    564                       823   -259      682

 COOLING
  TODAY            0                         0      0        0
  MONTH TO DATE    5                         0      5        0
  SINCE SEP 1    176                       105     71      321
  SINCE JAN 1   1158                       862    296     1327
...................................................................


WIND (MPH)
  HIGHEST WIND SPEED    16   HIGHEST WIND DIRECTION     N (340)
  HIGHEST GUST SPEED    20   HIGHEST GUST DIRECTION     N (340)
  AVERAGE WIND SPEED     8.1


SKY COVER
  POSSIBLE SUNSHINE  MM
  AVERAGE SKY COVER 0.5


WEATHER CONDITIONS
THE FOLLOWING WEATHER WAS RECORDED TODAY.
  LIGHT RAIN


RELATIVE HUMIDITY (PERCENT)
 HIGHEST    80           300 AM
 LOWEST     26           400 PM
 AVERAGE    53

..........................................................


THE ASHEVILLE NC CLIMATE NORMALS FOR TOMORROW
                         NORMAL    RECORD    YEAR
 MAXIMUM TEMPERATURE (F)   54        73      1908
                                             1933
 MINIMUM TEMPERATURE (F)   33        10      1929


SUNRISE AND SUNSET
NOVEMBER 28 2020......SUNRISE   719 AM EST   SUNSET   518 PM EST
NOVEMBER 29 2020......SUNRISE   719 AM EST   SUNSET   518 PM EST


-  INDICATES NEGATIVE NUMBERS.
R  INDICATES RECORD WAS SET OR TIED.
MM INDICATES DATA IS MISSING.
T  INDICATES TRACE AMOUNT.




$$
