000
CDUS43 KGRR 290524
CLIAZO

CLIMATE REPORT
NATIONAL WEATHER SERVICE GRAND RAPIDS, MICHIGAN
1224 AM EST SUN NOV 29 2020

...................................

...THE KALAMAZOO CLIMATE SUMMARY FOR NOVEMBER 28 2020...

CLIMATE NORMAL PERIOD: 1981 TO 2010
CLIMATE RECORD PERIOD: 1887 TO 2020


WEATHER ITEM   OBSERVED TIME   RECORD YEAR NORMAL DEPARTURE LAST
                VALUE   (LST)  VALUE       VALUE  FROM      YEAR
                                                  NORMAL
...................................................................
TEMPERATURE (F)
 YESTERDAY
  MAXIMUM         48   2:15 PM  66    1998  41      7       37
  MINIMUM         25   7:45 AM   5    1955  29     -4       33
  AVERAGE         37                        35      2       35

PRECIPITATION (IN)
  YESTERDAY        0.00          1.35 1990   0.09  -0.09      T
  MONTH TO DATE    1.64                      2.83  -1.19     1.24
  SINCE SEP 1      6.62                      9.98  -3.36    10.12
  SINCE JAN 1     26.30                     33.57  -7.27    35.17

DEGREE DAYS
 HEATING
  YESTERDAY       28                        30     -2       30
  MONTH TO DATE  550                       674   -124      839
  SINCE SEP 1   1137                      1250   -113     1272
  SINCE JUL 1   1139                      1266   -127     1275

 COOLING
  YESTERDAY        0                         0      0        0
  MONTH TO DATE    1                         0      1        0
  SINCE SEP 1     52                        64    -12      154
  SINCE JAN 1    939                       675    264      870
...................................................................


WIND (MPH)
  RESULTANT WIND SPEED   8   RESULTANT WIND DIRECTION  SW (220)
  HIGHEST WIND SPEED    15   HIGHEST WIND DIRECTION    SW (210)
  HIGHEST GUST SPEED    22   HIGHEST GUST DIRECTION    SW (210)
  AVERAGE WIND SPEED     8.6


SKY COVER
  AVERAGE SKY COVER 0.0


WEATHER CONDITIONS
THE FOLLOWING WEATHER WAS RECORDED YESTERDAY.
  NO SIGNIFICANT WEATHER WAS OBSERVED.


RELATIVE HUMIDITY (PERCENT)
 HIGHEST    85          12:00 AM
 LOWEST     42           2:00 PM
 AVERAGE    64

..........................................................


THE KALAMAZOO CLIMATE NORMALS FOR TODAY
                         NORMAL




SUNRISE AND SUNSET
NOVEMBER 29 2020......SUNRISE   7:50 AM EST   SUNSET   5:11 PM EST
NOVEMBER 30 2020......SUNRISE   7:51 AM EST   SUNSET   5:11 PM EST


-  INDICATES NEGATIVE NUMBERS.
R  INDICATES RECORD WAS SET OR TIED.
MM INDICATES DATA IS MISSING.
T  INDICATES TRACE AMOUNT.




$$
