860
CDUS43 KLBF 290733
CLIBBW

CLIMATE REPORT
NATIONAL WEATHER SERVICE
133 AM CST SUN NOV 29 2020

...................................

...THE BROKEN BOW  CLIMATE SUMMARY FOR NOVEMBER 28 2020...

CLIMATE NORMAL PERIOD 1981 TO 2010
CLIMATE RECORD PERIOD 1894 TO 2020


WEATHER ITEM   OBSERVED TIME   RECORD YEAR NORMAL DEPARTURE LAST
                VALUE   (LST)  VALUE       VALUE  FROM      YEAR
                                                  NORMAL
...................................................................
TEMPERATURE (F)
 YESTERDAY
  MAXIMUM         60    302 PM  77    1998  42     18       30
  MINIMUM         22    332 AM -23    1976  17      5       16
  AVERAGE         41                        30     11       23

PRECIPITATION (IN)
  YESTERDAY        0.00          0.90 1983   0.02  -0.02     0.01
  MONTH TO DATE    0.80                      0.90  -0.10     0.30
  SINCE SEP 1      2.25                      4.99  -2.74     2.07
  SINCE JAN 1     19.45                     23.07  -3.62    31.83

SNOWFALL (IN)
  YESTERDAY       MM
  SNOW DEPTH      MM

DEGREE DAYS
 HEATING
  YESTERDAY       24                        35    -11       42
  MONTH TO DATE  524                       803   -279      801
  SINCE SEP 1   1203                      1442   -239     1489

 COOLING
  YESTERDAY        0                         0      0        0
  MONTH TO DATE    0                         0      0        0
  SINCE SEP 1     83                        72     11      149
  SINCE JAN 1    987                       768    219      839
...................................................................


WIND (MPH)
  HIGHEST WIND SPEED    14   HIGHEST WIND DIRECTION     W (270)
  HIGHEST GUST SPEED    18   HIGHEST GUST DIRECTION    NW (320)
  AVERAGE WIND SPEED     5.2


WEATHER CONDITIONS
THE FOLLOWING WEATHER WAS RECORDED YESTERDAY.
  NO SIGNIFICANT WEATHER WAS OBSERVED.


RELATIVE HUMIDITY (PERCENT)
 HIGHEST    77          1200 AM
 LOWEST     23           400 PM
 AVERAGE    50

..........................................................


THE BROKEN BOW  CLIMATE NORMALS FOR TODAY
                         NORMAL    RECORD    YEAR
 MAXIMUM TEMPERATURE (F)   42        73      2014
 MINIMUM TEMPERATURE (F)   17       -12      1976


SUNRISE AND SUNSET
NOVEMBER 29 2020......SUNRISE   744 AM CST   SUNSET   510 PM CST
NOVEMBER 30 2020......SUNRISE   745 AM CST   SUNSET   510 PM CST


-  INDICATES NEGATIVE NUMBERS.
R  INDICATES RECORD WAS SET OR TIED.
MM INDICATES DATA IS MISSING.
T  INDICATES TRACE AMOUNT.

&&

...SNOWFALL AND SNOW DEPTH ARE UNAVAILABLE FOR THIS SITE...

$$
