000
CDUS43 KFGF 290644
CLIBDE

CLIMATE REPORT
NATIONAL WEATHER SERVICE GRAND FORKS
1244 AM CST SUN NOV 29 2020

...................................

...THE BAUDETTE MN CLIMATE SUMMARY FOR NOVEMBER 28 2020...

CLIMATE NORMAL PERIOD 1981 TO 2010
CLIMATE RECORD PERIOD 1908 TO 2020


WEATHER ITEM   OBSERVED TIME   RECORD YEAR NORMAL DEPARTURE LAST
                VALUE   (LST)  VALUE       VALUE  FROM      YEAR
                                                  NORMAL
...................................................................
TEMPERATURE (F)
 YESTERDAY
  MAXIMUM         39    152 PM  50    1914  26     13       21
  MINIMUM         23    828 AM -27    1985  10     13       19
  AVERAGE         31                        18     13       20

PRECIPITATION (IN)
  YESTERDAY        0.00          0.59 1926   0.02  -0.02     0.00
  MONTH TO DATE    0.17                      1.05  -0.88     1.08
  SINCE SEP 1      3.67                      6.27  -2.60    12.84
  SINCE JAN 1     16.36                     23.54  -7.18    25.80

DEGREE DAYS
 HEATING
  YESTERDAY       34                        47    -13       45
  MONTH TO DATE  960                      1079   -119     1175
  SINCE SEP 1   2187                      2114     73     2205
  SINCE JUL 1   2234                      2250    -16     2309

 COOLING
  YESTERDAY        0                         0      0        0
  MONTH TO DATE    0                         0      0        0
  SINCE SEP 1      0                        13    -13       25
  SINCE JAN 1    323                       212    111      254
...................................................................


WIND (MPH)
  HIGHEST WIND SPEED    16   HIGHEST WIND DIRECTION     W (280)
  HIGHEST GUST SPEED    24   HIGHEST GUST DIRECTION     W (280)
  AVERAGE WIND SPEED     4.9


SKY COVER
  POSSIBLE SUNSHINE  MM
  AVERAGE SKY COVER 0.0


WEATHER CONDITIONS
THE FOLLOWING WEATHER WAS RECORDED YESTERDAY.
  NO SIGNIFICANT WEATHER WAS OBSERVED.


RELATIVE HUMIDITY (PERCENT)
 HIGHEST    92           900 PM
 LOWEST     67           100 PM
 AVERAGE    80

..........................................................


THE BAUDETTE MN CLIMATE NORMALS FOR TODAY
                         NORMAL    RECORD    YEAR
 MAXIMUM TEMPERATURE (F)   26        50      1914
 MINIMUM TEMPERATURE (F)   10       -29      1985


SUNRISE AND SUNSET
NOVEMBER 29 2020......SUNRISE   748 AM CST   SUNSET   425 PM CST
NOVEMBER 30 2020......SUNRISE   749 AM CST   SUNSET   425 PM CST


-  INDICATES NEGATIVE NUMBERS.
R  INDICATES RECORD WAS SET OR TIED.
MM INDICATES DATA IS MISSING.
T  INDICATES TRACE AMOUNT.




$$
