000
CDUS41 KBOX 260836
CLIBDL


CLIMATE REPORT
NATIONAL WEATHER SERVICE BOSTON/NORTON MA
336 AM EST THU NOV 26 2020


...................................

...THE HARTFORD CT CLIMATE SUMMARY FOR NOVEMBER 25 2020...

CLIMATE NORMAL PERIOD 1981 TO 2010
CLIMATE RECORD PERIOD 1904 TO 2020


WEATHER ITEM   OBSERVED TIME   RECORD YEAR NORMAL DEPARTURE LAST
                VALUE   (LST)  VALUE       VALUE  FROM      YEAR
                                                  NORMAL
..................................................................
TEMPERATURE (F)
 YESTERDAY
  MAXIMUM         42    310 PM  71    1979  48     -6       58
  MINIMUM         31    112 AM  12    2000  31      0       39
                                      1938
  AVERAGE         37                        39     -2       49

PRECIPITATION (IN)
  YESTERDAY        0.01          2.14 1950   0.13  -0.12     0.00
  MONTH TO DATE    2.50                      3.24  -0.74     2.10
  SINCE SEP 1     10.70                     11.49  -0.79    10.98
  SINCE JAN 1     31.49                     41.76 -10.27    44.45

SNOWFALL (IN)
  YESTERDAY        0.0           8.6  1938   0.1   -0.1      0.0
  MONTH TO DATE    T                         1.4   -1.4       T
  SINCE SEP 1      2.0                       1.4    0.6       T
  SINCE JUL 1      2.0                       1.4    0.6       T
  SNOW DEPTH       0

DEGREE DAYS
 HEATING
  YESTERDAY       28                        26      2       16
  MONTH TO DATE  464                       543    -79      611
  SINCE SEP 1    896                      1060   -164      979
  SINCE JUL 1    899                      1072   -173      985

 COOLING
  YESTERDAY        0                         0      0        0
  MONTH TO DATE    0                         0      0        0
  SINCE SEP 1    101                        81     20       70
  SINCE JAN 1   1075                       756    319      934
..................................................................


WIND (MPH)
  RESULTANT WIND SPEED   2   RESULTANT WIND DIRECTION   N (10)
  HIGHEST WIND SPEED     7   HIGHEST WIND DIRECTION    NW (310)
  HIGHEST GUST SPEED     9   HIGHEST GUST DIRECTION    NE (30)
  AVERAGE WIND SPEED     2.4


SKY COVER
  POSSIBLE SUNSHINE  MM
  AVERAGE SKY COVER 1.0


WEATHER CONDITIONS
 THE FOLLOWING WEATHER WAS RECORDED YESTERDAY.
  LIGHT RAIN


RELATIVE HUMIDITY (PERCENT)
 HIGHEST    85           900 PM
 LOWEST     50          1200 PM
 AVERAGE    68

..........................................................


THE HARTFORD CT CLIMATE NORMALS FOR TODAY
                         NORMAL    RECORD    YEAR
 MAXIMUM TEMPERATURE (F)   47        65      1979
 MINIMUM TEMPERATURE (F)   30         7      1938


SUNRISE AND SUNSET
NOVEMBER 26 2020......SUNRISE   654 AM EST   SUNSET   422 PM EST
NOVEMBER 27 2020......SUNRISE   655 AM EST   SUNSET   422 PM EST


-  INDICATES NEGATIVE NUMBERS.
R  INDICATES RECORD WAS SET OR TIED.
MM INDICATES DATA IS MISSING.
T  INDICATES TRACE AMOUNT.




$$
