603
CDUS41 KOKX 260618
CLIBDR


CLIMATE REPORT
NATIONAL WEATHER SERVICE NEW YORK NY
118 AM EST THU NOV 26 2020


...................................

...THE BRIDGEPORT CT CLIMATE SUMMARY FOR NOVEMBER 25 2020...

CLIMATE NORMAL PERIOD 1981 TO 2010
CLIMATE RECORD PERIOD 1948 TO 2020


WEATHER ITEM   OBSERVED TIME   RECORD YEAR NORMAL DEPARTURE LAST
                VALUE   (LST)  VALUE       VALUE  FROM      YEAR
                                                  NORMAL
..................................................................
TEMPERATURE (F)
 YESTERDAY
  MAXIMUM         55    159 PM  64    2004  50      5       52
  MINIMUM         39   1247 AM  18    2013  35      4       34
  AVERAGE         47                        42      5       43

PRECIPITATION (IN)
  YESTERDAY        T             1.36 1950   0.12  -0.12     0.00
  MONTH TO DATE    2.56                      2.78  -0.22     1.03
  SINCE SEP 1     10.34                      9.90   0.44     8.03
  SINCE JAN 1     36.76                     38.80  -2.04    43.71

SNOWFALL (IN)
  YESTERDAY        0.0           0.3  1974   0.0    0.0      0.0
  MONTH TO DATE    T                         0.4   -0.4       T
  SINCE OCT 1      T                         0.4   -0.4       T
  SINCE JUL 1      T                         0.4   -0.4       T
  SNOW DEPTH       0

DEGREE DAYS
 HEATING
  YESTERDAY       18                        22     -4       22
  MONTH TO DATE  394                       465    -71      567
  SINCE SEP 1    676                       851   -175      812
  SINCE JUL 1    676                       855   -179      812

 COOLING
  YESTERDAY        0                         0      0        0
  MONTH TO DATE    0                         0      0        0
  SINCE SEP 1    154                       107     47      137
  SINCE JAN 1   1175                       825    350     1040
..................................................................


WIND (MPH)
  HIGHEST WIND SPEED    15   HIGHEST WIND DIRECTION    SW (230)
  HIGHEST GUST SPEED    21   HIGHEST GUST DIRECTION    SW (220)
  AVERAGE WIND SPEED     6.6


SKY COVER
  AVERAGE SKY COVER 0.6


WEATHER CONDITIONS
 THE FOLLOWING WEATHER WAS RECORDED YESTERDAY.
  LIGHT RAIN


RELATIVE HUMIDITY (PERCENT)
 HIGHEST    86           700 PM
 LOWEST     53           300 AM
 AVERAGE    70

..........................................................


THE BRIDGEPORT CT CLIMATE NORMALS FOR TODAY
                         NORMAL    RECORD    YEAR
 MAXIMUM TEMPERATURE (F)   49        63      1999
                                             1979
 MINIMUM TEMPERATURE (F)   35        20      1993
                                             1949


SUNRISE AND SUNSET
NOVEMBER 26 2020......SUNRISE   654 AM EST   SUNSET   426 PM EST
NOVEMBER 27 2020......SUNRISE   655 AM EST   SUNSET   426 PM EST


-  INDICATES NEGATIVE NUMBERS.
R  INDICATES RECORD WAS SET OR TIED.
MM INDICATES DATA IS MISSING.
T  INDICATES TRACE AMOUNT.




$$
