000
CDAK48 PAFC 261357
CLIBET


CLIMATE REPORT
NATIONAL WEATHER SERVICE ANCHORAGE, AK
456 AM AKST THU NOV 26 2020


...................................

...THE BETHEL CLIMATE SUMMARY FOR NOVEMBER 25 2020...

CLIMATE NORMAL PERIOD 1981 TO 2010
CLIMATE RECORD PERIOD 1948 TO 2020


WEATHER ITEM   OBSERVED TIME   RECORD YEAR NORMAL DEPARTURE LAST
                VALUE   (LST)  VALUE       VALUE  FROM      YEAR
                                                  NORMAL
..................................................................
TEMPERATURE (F)
 YESTERDAY
  MAXIMUM         38    134 AM  42    1931  21     17       33
  MINIMUM         20   1159 PM -24    1939   8     12        3
  AVERAGE         29                        15     14       18

PRECIPITATION (IN)
  YESTERDAY        0.22          0.53 1990   0.05   0.17     0.17
  MONTH TO DATE    2.33                      1.36   0.97     1.43
  SINCE SEP 1      5.03                      5.76  -0.73     8.94
  SINCE JAN 1     17.46                     17.18   0.28    21.82

DEGREE DAYS
 HEATING
  YESTERDAY       36                        50    -14       47
  MONTH TO DATE  972                      1173   -201     1084
  SINCE SEP 1   2417                      2832   -415     2469
  SINCE JUL 1   2963                      3468   -505     2871

 COOLING
  YESTERDAY        0                         0      0        0
  MONTH TO DATE    0                         0      0        0
  SINCE SEP 1      0                         0      0        0
  SINCE JAN 1      3                         4     -1        6
..................................................................


WIND (MPH)
  RESULTANT WIND SPEED   9   RESULTANT WIND DIRECTION   S (200)
  HIGHEST WIND SPEED    29   HIGHEST WIND DIRECTION     W (290)
  HIGHEST GUST SPEED    39   HIGHEST GUST DIRECTION     W (290)
  AVERAGE WIND SPEED    13.7



WEATHER CONDITIONS
 THE FOLLOWING WEATHER WAS RECORDED YESTERDAY.
  RAIN
  LIGHT RAIN
  LIGHT SNOW
  FOG


RELATIVE HUMIDITY (PERCENT)
 HIGHEST   100
 LOWEST     84
 AVERAGE    92

..........................................................


THE BETHEL CLIMATE NORMALS FOR TODAY
                         NORMAL    RECORD    YEAR
 MAXIMUM TEMPERATURE (F)   21        43      1943
 MINIMUM TEMPERATURE (F)    8       -24      1927


SUNRISE AND SUNSET
NOVEMBER 26 2020......SUNRISE  1020 AM AKST  SUNSET   449 PM AKST
NOVEMBER 27 2020......SUNRISE  1022 AM AKST  SUNSET   448 PM AKST


-  INDICATES NEGATIVE NUMBERS.
R  INDICATES RECORD WAS SET OR TIED.
MM INDICATES DATA IS MISSING.
T  INDICATES TRACE AMOUNT.




$$
