931
CDUS41 KCTP 282222
CLIBFD

CLIMATE REPORT
NATIONAL WEATHER SERVICE STATE COLLEGE PA
522 PM EST SAT NOV 28 2020

...................................

...THE BRADFORD CLIMATE SUMMARY FOR NOVEMBER 28 2020...
VALID TODAY AS OF 0500 PM LOCAL TIME.

CLIMATE NORMAL PERIOD 1981 TO 2010
CLIMATE RECORD PERIOD 1957 TO 2020


WEATHER ITEM   OBSERVED TIME   RECORD YEAR NORMAL DEPARTURE LAST
                VALUE   (LST)  VALUE       VALUE  FROM      YEAR
                                                  NORMAL
...................................................................
TEMPERATURE (F)
 TODAY
  MAXIMUM         41    338 PM  70    1990  39      2       34
  MINIMUM         34   1022 AM   9    2002  25      9       28
  AVERAGE         38                        32      6       31

PRECIPITATION (IN)
  TODAY            0.04          1.59 1966   0.13  -0.09     0.06
  MONTH TO DATE    2.02                      3.49  -1.47     1.24
  SINCE SEP 1      8.48                     10.84  -2.36     9.70
  SINCE JAN 1     34.83                     40.79  -5.96    42.14

DEGREE DAYS
 HEATING
  TODAY           27                        28     -1       34
  MONTH TO DATE  590                       645    -55      897
  SINCE SEP 1   1273                      1485   -212     1483
  SINCE JUL 1   1304                      1638   -334     1556

 COOLING
  TODAY            0                         0      0        0
  MONTH TO DATE    0                         0      0        0
  SINCE SEP 1     27                        16     11       30
  SINCE JAN 1    395                       193    202      283
...................................................................


WIND (MPH)
  HIGHEST WIND SPEED    21   HIGHEST WIND DIRECTION    NW (300)
  HIGHEST GUST SPEED    26   HIGHEST GUST DIRECTION    NW (300)
  AVERAGE WIND SPEED     8.2


SKY COVER
  POSSIBLE SUNSHINE  MM
  AVERAGE SKY COVER 0.7


WEATHER CONDITIONS
THE FOLLOWING WEATHER WAS RECORDED TODAY.
  LIGHT RAIN
  FOG


RELATIVE HUMIDITY (PERCENT)
 HIGHEST    86           400 AM
 LOWEST     50           400 PM
 AVERAGE    68

..........................................................


THE BRADFORD CLIMATE NORMALS FOR TOMORROW
                         NORMAL    RECORD    YEAR
 MAXIMUM TEMPERATURE (F)   39        61      1962
 MINIMUM TEMPERATURE (F)   25         2      1976


SUNRISE AND SUNSET
NOVEMBER 28 2020......SUNRISE   720 AM EST   SUNSET   445 PM EST
NOVEMBER 29 2020......SUNRISE   721 AM EST   SUNSET   445 PM EST


-  INDICATES NEGATIVE NUMBERS.
R  INDICATES RECORD WAS SET OR TIED.
MM INDICATES DATA IS MISSING.
T  INDICATES TRACE AMOUNT.




$$
