000
CDUS46 KHNX 290030
CLIBFL


CLIMATE REPORT
NATIONAL WEATHER SERVICE SAN JOAQUIN VALLEY, CA
429 PM PST SAT NOV 28 2020


...................................

...THE BAKERSFIELD CA CLIMATE SUMMARY FOR NOVEMBER 28 2020...
VALID AS OF 0400 PM LOCAL TIME.

CLIMATE NORMAL PERIOD 1981 TO 2010
CLIMATE RECORD PERIOD 1889 TO 2020


WEATHER ITEM   OBSERVED TIME   RECORD YEAR NORMAL DEPARTURE LAST
                VALUE   (LST)  VALUE       VALUE  FROM      YEAR
                                                  NORMAL
..................................................................
TEMPERATURE (F)
 TODAY
  MAXIMUM         63    348 PM  82    1993  61      2       54
                                      1938
                                      1901
  MINIMUM         35    448 AM  28    1905  41     -6       43
  AVERAGE         49                        51     -2       49

PRECIPITATION (IN)
  TODAY            0.00          0.35 1922   0.02  -0.02     0.12
  MONTH TO DATE    0.39                      0.59  -0.20     1.03
  SINCE OCT 1      0.39                      0.89  -0.50     1.03
  SINCE JAN 1      5.00                      5.40  -0.40     7.55

SNOWFALL (IN)
  TODAY            0.0
  MONTH TO DATE    0.0
  SINCE SEP 1      0.0
  SINCE JUL 1      0.0
  SNOW DEPTH       0

DEGREE DAYS
 HEATING
  TODAY           16                        14      2       16
  MONTH TO DATE  264                       271     -7      157
  SINCE SEP 1    276                       329    -53      214
  SINCE JUL 1    276                       329    -53      214

 COOLING
  TODAY            0                         0      0        0
  MONTH TO DATE   15                         3     12        3
  SINCE SEP 1    728                       489    239      466
  SINCE JAN 1   2855                      2257    598     2509
..................................................................


WIND (MPH)
  HIGHEST WIND SPEED     7   HIGHEST WIND DIRECTION     W (260)
  HIGHEST GUST SPEED     9   HIGHEST GUST DIRECTION    SW (210)
  AVERAGE WIND SPEED     2.4




RELATIVE HUMIDITY (PERCENT)
 HIGHEST    59
 LOWEST     30
 AVERAGE    45

..........................................................


THE BAKERSFIELD CA CLIMATE NORMALS FOR TOMORROW
                         NORMAL    RECORD    YEAR
 MAXIMUM TEMPERATURE (F)   60        80      1924
 MINIMUM TEMPERATURE (F)   41        28      1919
                                             1918


SUNRISE AND SUNSET
NOVEMBER 28 2020......SUNRISE   645 AM PST   SUNSET   444 PM PST
NOVEMBER 29 2020......SUNRISE   646 AM PST   SUNSET   444 PM PST


-  INDICATES NEGATIVE NUMBERS.
R  INDICATES RECORD WAS SET OR TIED.
MM INDICATES DATA IS MISSING.
T  INDICATES TRACE AMOUNT.




$$
