527
CDUS44 KAMA 282249
CLIBGD

CLIMATE REPORT
NATIONAL WEATHER SERVICE AMARILLO
449 PM CST SAT NOV 28 2020

...................................

...THE BORGER CLIMATE SUMMARY FOR NOVEMBER 28 2020...
VALID TODAY AS OF 0400 PM LOCAL TIME.

CLIMATE NORMAL PERIOD: 1981 TO 2010
CLIMATE RECORD PERIOD: 1949 TO 2020


WEATHER ITEM   OBSERVED TIME   RECORD YEAR NORMAL DEPARTURE LAST
                VALUE   (LST)  VALUE       VALUE  FROM      YEAR
                                                  NORMAL
...................................................................
TEMPERATURE (F)
 TODAY
  MAXIMUM         44  12:54 AM  83    2014  56    -12       41
  MINIMUM         36  11:48 AM   2    1976  31      5       34
  AVERAGE         40                        43     -3       38

PRECIPITATION (IN)
  TODAY            0.17          0.38 2019   0.02   0.15     0.38
  MONTH TO DATE    0.29                      0.82  -0.53     0.98
  SINCE SEP 1      3.57                      4.92  -1.35     6.97
  SINCE JAN 1     10.93                     20.93 -10.00    23.02

SNOWFALL (IN)
  TODAY           MM             4.5  1967                    T
  MONTH TO DATE   MM                                          T
  SINCE SEP 1     MM                                         6.5
  SINCE JUL 1     MM                                         6.5
  SNOW DEPTH      MM

DEGREE DAYS
 HEATING
  TODAY           25                        22      3       27
  MONTH TO DATE  264                       451   -187      444
  SINCE SEP 1    546                       671   -125      772
  SINCE JUL 1    546                       672   -126      772

 COOLING
  TODAY            0                         0      0        0
  MONTH TO DATE   25                         0     25        0
  SINCE SEP 1    436                       285    151      514
  SINCE JAN 1   2688                      1835    853     2225
...................................................................


WIND (MPH)
  RESULTANT WIND SPEED   1   RESULTANT WIND DIRECTION   W (290)
  HIGHEST WIND SPEED    14   HIGHEST WIND DIRECTION     W (250)
  HIGHEST GUST SPEED    17   HIGHEST GUST DIRECTION     W (250)
  AVERAGE WIND SPEED     2.5


SKY COVER
  AVERAGE SKY COVER 0.9


WEATHER CONDITIONS
THE FOLLOWING WEATHER WAS RECORDED TODAY.
  LIGHT RAIN
  LIGHT SNOW
  FOG


RELATIVE HUMIDITY (PERCENT)
 HIGHEST    89          10:00 AM
 LOWEST     45          12:00 AM
 AVERAGE    67

..........................................................


THE BORGER CLIMATE NORMALS FOR TOMORROW
                         NORMAL    RECORD    YEAR
 MAXIMUM TEMPERATURE (F)   55        81      2014
 MINIMUM TEMPERATURE (F)   31        12      1952


SUNRISE AND SUNSET
NOVEMBER 28 2020......SUNRISE   7:35 AM CST   SUNSET   5:33 PM CST
NOVEMBER 29 2020......SUNRISE   7:36 AM CST   SUNSET   5:32 PM CST


-  INDICATES NEGATIVE NUMBERS.
R  INDICATES RECORD WAS SET OR TIED.
MM INDICATES DATA IS MISSING.
T  INDICATES TRACE AMOUNT.




$$
