000
CDUS41 KCAR 290546
CLIBGR

CLIMATE REPORT
NATIONAL WEATHER SERVICE CARIBOU ME
1246 AM EST SUN NOV 29 2020

...................................

...THE BANGOR ME CLIMATE SUMMARY FOR NOVEMBER 28 2020...

CLIMATE NORMAL PERIOD: 1981 TO 2010
CLIMATE RECORD PERIOD: 1925 TO 2020


WEATHER ITEM   OBSERVED TIME   RECORD YEAR NORMAL DEPARTURE LAST
                VALUE   (LST)  VALUE       VALUE  FROM      YEAR
                                                  NORMAL
...................................................................
TEMPERATURE (F)
 YESTERDAY
  MAXIMUM         43   3:59 PM  58    1990  40      3       36
                                      1993
                                      2011
  MINIMUM         36  11:59 PM   3    1987  24     12       31
  AVERAGE         40                        32      8       34

PRECIPITATION (IN)
  YESTERDAY        T             1.43 1959   0.14  -0.14     0.41
  MONTH TO DATE    3.68                      3.91  -0.23     3.97
  SINCE SEP 1      8.36                     11.91  -3.55     9.51
  SINCE JAN 1     31.04                     38.16  -7.12     9.96

SNOWFALL (IN)
  YESTERDAY        0.0           4.0  1961   0.2   -0.2      1.6
  MONTH TO DATE    2.7                       2.0    0.7      4.7
  SINCE SEP 1      2.7                       2.1    0.6      4.7
  SINCE JUL 1      2.7                       2.1    0.6      4.7
  SNOW DEPTH       0

DEGREE DAYS
 HEATING
  YESTERDAY       25                        33     -8       31
  MONTH TO DATE  665                       775   -110      879
  SINCE SEP 1   1381                      1538   -157     1326
  SINCE JUL 1   1429                      1601   -172     1326

 COOLING
  YESTERDAY        0                         0      0        0
  MONTH TO DATE    0                         0      0        0
  SINCE SEP 1     34                        24     10        0
  SINCE JAN 1    523                       318    205        0
...................................................................


WIND (MPH)
  RESULTANT WIND SPEED   1   RESULTANT WIND DIRECTION  SW (220)
  HIGHEST WIND SPEED     8   HIGHEST WIND DIRECTION     W (260)
  HIGHEST GUST SPEED    11   HIGHEST GUST DIRECTION     W (280)


SKY COVER
  POSSIBLE SUNSHINE  MM
  AVERAGE SKY COVER 1.0


WEATHER CONDITIONS
THE FOLLOWING WEATHER WAS RECORDED YESTERDAY.
  LIGHT RAIN
  FOG
  FOG W/VISIBILITY <= 1/4 MILE


RELATIVE HUMIDITY (PERCENT)
 HIGHEST    97
 LOWEST     85
 AVERAGE    91

..........................................................


THE BANGOR ME CLIMATE NORMALS FOR TODAY
                         NORMAL    RECORD    YEAR
 MAXIMUM TEMPERATURE (F)   40        60      1963
                                             2003
 MINIMUM TEMPERATURE (F)   24        -3      1940


SUNRISE AND SUNSET
NOVEMBER 29 2020......SUNRISE   6:51 AM EST   SUNSET   3:56 PM EST
NOVEMBER 30 2020......SUNRISE   6:52 AM EST   SUNSET   3:56 PM EST


-  INDICATES NEGATIVE NUMBERS.
*  INDICATES RECORD WAS SET OR TIED.
MM INDICATES DATA IS MISSING.
T  INDICATES TRACE AMOUNT.




$$
