000
CDUS44 KBMX 260854
CLIBHM

CLIMATE REPORT
NATIONAL WEATHER SERVICE BIRMINGHAM AL
254 AM CST THU NOV 26 2020

...................................

...THE BIRMINGHAM CLIMATE SUMMARY FOR NOVEMBER 25 2020...

CLIMATE NORMAL PERIOD 1981 TO 2010
CLIMATE RECORD PERIOD 1895 TO 2020


WEATHER ITEM   OBSERVED TIME   RECORD YEAR NORMAL DEPARTURE LAST
                VALUE   (LST)  VALUE       VALUE  FROM      YEAR
                                                  NORMAL
...................................................................
TEMPERATURE (F)
 YESTERDAY
  MAXIMUM         65    426 PM  78    1921  62      3       63
  MINIMUM         58    427 AM   5    1950  41     17       34
  AVERAGE         62                        51     11       49

PRECIPITATION (IN)
  YESTERDAY        0.59          2.50 1932   0.17   0.42     0.00
  MONTH TO DATE    1.37                      3.95  -2.58     2.43
  SINCE SEP 1      7.94                     11.29  -3.35    10.84
  SINCE JAN 1     68.39                     48.37  20.02    47.34

SNOWFALL (IN)
  YESTERDAY        0.0                       0.0    0.0      0.0
  MONTH TO DATE    0.0                       0.0    0.0      0.0
  SINCE SEP 1      0.0                       0.0    0.0      0.0
  SINCE JUL 1      0.0                       0.0    0.0      0.0
  SNOW DEPTH      MM

DEGREE DAYS
 HEATING
  YESTERDAY        3                        14    -11       16
  MONTH TO DATE  162                       258    -96      382
  SINCE SEP 1    219                       385   -166      470
  SINCE JUL 1    219                       385   -166      470
...................................................................


WIND (MPH)
  HIGHEST WIND SPEED    18   HIGHEST WIND DIRECTION    SE (140)
  HIGHEST GUST SPEED    29   HIGHEST GUST DIRECTION    SE (140)
  AVERAGE WIND SPEED    10.2


SKY COVER
  AVERAGE SKY COVER 0.8


WEATHER CONDITIONS
THE FOLLOWING WEATHER WAS RECORDED YESTERDAY.
  THUNDERSTORM
  HEAVY RAIN
  RAIN
  LIGHT RAIN
  FOG


RELATIVE HUMIDITY (PERCENT)
 HIGHEST    93          1100 PM
 LOWEST     57          1200 AM
 AVERAGE    75

..........................................................


THE BIRMINGHAM CLIMATE NORMALS FOR TODAY
                         NORMAL    RECORD    YEAR
 MAXIMUM TEMPERATURE (F)   62        80      1973
 MINIMUM TEMPERATURE (F)   41        23      1950


SUNRISE AND SUNSET
NOVEMBER 26 2020......SUNRISE   629 AM CST   SUNSET   440 PM CST
NOVEMBER 27 2020......SUNRISE   630 AM CST   SUNSET   439 PM CST


-  INDICATES NEGATIVE NUMBERS.
R  INDICATES RECORD WAS SET OR TIED.
MM INDICATES DATA IS MISSING.
T  INDICATES TRACE AMOUNT.




$$
