946
CDUS45 KVEF 130821
CLIBIH

CLIMATE REPORT
NATIONAL WEATHER SERVICE LAS VEGAS, NV
121 AM PDT SUN JUN 13 2021

...................................

...THE BISHOP CA CLIMATE SUMMARY FOR JUNE 12 2021...

CLIMATE NORMAL PERIOD: 1991 TO 2020
CLIMATE RECORD PERIOD: 1943 TO 2021


WEATHER ITEM   OBSERVED TIME   RECORD YEAR NORMAL DEPARTURE LAST
                VALUE   (LST)  VALUE       VALUE  FROM      YEAR
                                                  NORMAL
...................................................................
TEMPERATURE (F)
 YESTERDAY
  MAXIMUM         98   2:38 PM 102    1974  93      5       93
  MINIMUM         48   5:11 AM  35    1952  51     -3       54
  AVERAGE         73                        72      1       74

PRECIPITATION (IN)
  YESTERDAY        0.00          0.49 1998   0.00   0.00     0.00
  MONTH TO DATE    T                         0.06  -0.06      T
  SINCE OCT 1      1.62                      4.41  -2.79     2.25
  SINCE JAN 1      1.41                      3.09  -1.68     1.15

SNOWFALL (IN)
  YESTERDAY        0.0          MM      MM  MM     MM        0.0
  MONTH TO DATE    0.0                       0.0    0.0      0.0
  SINCE JUN 1      0.0                       0.0    0.0      0.0
  SINCE JUL 1     10.9                      MM     MM        6.9
  SNOW DEPTH       0

DEGREE DAYS
 HEATING
  YESTERDAY        0                         1     -1        0
  MONTH TO DATE    5                        13     -8       12
  SINCE JUN 1      5                        13     -8       12
  SINCE JUL 1   3668                      3998   -330     4048

 COOLING
  YESTERDAY        8                         7      1        9
  MONTH TO DATE  106                        71     35       74
  SINCE JUN 1    106                        71     35       74
  SINCE JAN 1    198                       142     56      227
...................................................................


WIND (MPH)
  RESULTANT WIND SPEED   6   RESULTANT WIND DIRECTION  SE (150)
  HIGHEST WIND SPEED    24   HIGHEST WIND DIRECTION     S (160)
  HIGHEST GUST SPEED    32   HIGHEST GUST DIRECTION     S (180)
  AVERAGE WIND SPEED    10.4


SKY COVER
  AVERAGE SKY COVER 0.0


WEATHER CONDITIONS
THE FOLLOWING WEATHER WAS RECORDED YESTERDAY.
  NO SIGNIFICANT WEATHER WAS OBSERVED.


RELATIVE HUMIDITY (PERCENT)
 HIGHEST    35           5:00 AM
 LOWEST      7           1:00 PM
 AVERAGE    21

..........................................................


THE BISHOP CA CLIMATE NORMALS FOR TODAY
                         NORMAL    RECORD    YEAR
 MAXIMUM TEMPERATURE (F)   93       102      1949
                                             1960
                                             1985
 MINIMUM TEMPERATURE (F)   51        40      1955
                                             1980


SUNRISE AND SUNSET
JUNE 13 2021..........SUNRISE   5:32 AM PDT   SUNSET   8:15 PM PDT
JUNE 14 2021..........SUNRISE   5:32 AM PDT   SUNSET   8:16 PM PDT


-  INDICATES NEGATIVE NUMBERS.
R  INDICATES RECORD WAS SET OR TIED.
MM INDICATES DATA IS MISSING.
T  INDICATES TRACE AMOUNT.




$$
