649
CDUS45 KVEF 280821
CLIBIH

CLIMATE REPORT
NATIONAL WEATHER SERVICE LAS VEGAS, NV
1221 AM PST SAT NOV 28 2020

...................................

...THE BISHOP CA CLIMATE SUMMARY FOR NOVEMBER 27 2020...

CLIMATE NORMAL PERIOD: 1981 TO 2010
CLIMATE RECORD PERIOD: 1943 TO 2020


WEATHER ITEM   OBSERVED TIME   RECORD YEAR NORMAL DEPARTURE LAST
                VALUE   (LST)  VALUE       VALUE  FROM      YEAR
                                                  NORMAL
...................................................................
TEMPERATURE (F)
 YESTERDAY
  MAXIMUM         63   3:25 PM  76    1949  57      6       36
  MINIMUM         18   7:00 AM   9    1990  25     -7       17
                                      1994
  AVERAGE         41                        41      0       27

PRECIPITATION (IN)
  YESTERDAY        0.00          0.75 2019   0.01  -0.01     0.75
  MONTH TO DATE    T                         0.46  -0.46     0.81
  SINCE OCT 1      T                         0.76  -0.76     0.81
  SINCE JAN 1      1.15                      4.31  -3.16     7.72

SNOWFALL (IN)
  YESTERDAY        0.0           5.2  2019   0.0    0.0      5.2
  MONTH TO DATE    0.0                       0.2   -0.2      5.2
  SINCE SEP 1      0.0                       0.2   -0.2      5.2
  SINCE JUL 1      0.0                       0.2   -0.2      5.2
  SNOW DEPTH       0

DEGREE DAYS
 HEATING
  YESTERDAY       24                        24      0       38
  MONTH TO DATE  455                       520    -65      418
  SINCE SEP 1    578                       825   -247      844
  SINCE JUL 1    578                       827   -249      844

 COOLING
  YESTERDAY        0                         0      0        0
  MONTH TO DATE    0                         0      0        0
  SINCE SEP 1    274                       127    147      122
  SINCE JAN 1   1598                      1104    494     1078
...................................................................


WIND (MPH)
  RESULTANT WIND SPEED   5   RESULTANT WIND DIRECTION  NW (310)
  HIGHEST WIND SPEED    12   HIGHEST WIND DIRECTION    NW (300)
  HIGHEST GUST SPEED    14   HIGHEST GUST DIRECTION    NW (320)
  AVERAGE WIND SPEED     6.0


SKY COVER
  AVERAGE SKY COVER 0.0


WEATHER CONDITIONS
THE FOLLOWING WEATHER WAS RECORDED YESTERDAY.
  NO SIGNIFICANT WEATHER WAS OBSERVED.


RELATIVE HUMIDITY (PERCENT)
 HIGHEST    41           2:00 AM
 LOWEST      8           2:00 PM
 AVERAGE    25

..........................................................


THE BISHOP CA CLIMATE NORMALS FOR TODAY
                         NORMAL    RECORD    YEAR
 MAXIMUM TEMPERATURE (F)   57        78      1949
 MINIMUM TEMPERATURE (F)   24        11      1994


SUNRISE AND SUNSET
NOVEMBER 28 2020......SUNRISE   6:47 AM PST   SUNSET   4:36 PM PST
NOVEMBER 29 2020......SUNRISE   6:48 AM PST   SUNSET   4:36 PM PST


-  INDICATES NEGATIVE NUMBERS.
R  INDICATES RECORD WAS SET OR TIED.
MM INDICATES DATA IS MISSING.
T  INDICATES TRACE AMOUNT.




$$
