000
CDUS45 KBYZ 130931
CLIBIL

CLIMATE REPORT
NATIONAL WEATHER SERVICE BILLINGS MT
331 AM MDT SUN JUN 13 2021

...................................

...THE BILLINGS MT CLIMATE SUMMARY FOR JUNE 12 2021...

CLIMATE NORMAL PERIOD 1991 TO 2020
CLIMATE RECORD PERIOD 1934 TO 2021


WEATHER ITEM   OBSERVED TIME   RECORD YEAR NORMAL DEPARTURE LAST
                VALUE   (LST)  VALUE       VALUE  FROM      YEAR
                                                  NORMAL
...................................................................
TEMPERATURE (F)
 YESTERDAY
  MAXIMUM         90    328 PM  96    1936  76     14       95
  MINIMUM         48    620 AM  32    1969  52     -4       55
  AVERAGE         69                        64      5       75

PRECIPITATION (IN)
  YESTERDAY        0.00          2.78 1937   0.08  -0.08     0.00
  MONTH TO DATE    0.15                      1.01  -0.86     1.59
  SINCE OCT 1      7.55                      9.65  -2.10     6.98
  SINCE JAN 1      4.59                      7.11  -2.52     5.04

SNOWFALL (IN)
  YESTERDAY        0.0           T    1969   0.0    0.0      0.0
  MONTH TO DATE    T                         0.0    0.0      0.0
  SINCE JUN 1      T                         0.0    0.0      0.0
  SINCE JUL 1     53.1                      57.4   -4.3     54.3
  SNOW DEPTH       0

DEGREE DAYS
 HEATING
  YESTERDAY        0                         4     -4        0
  MONTH TO DATE    1                        55    -54       29
  SINCE JUN 1      1                        55    -54       29
  SINCE JUL 1   6502                      6720   -218     6780

 COOLING
  YESTERDAY        4                         2      2       10
  MONTH TO DATE   78                        20     58       29
  SINCE JUN 1     78                        20     58       29
  SINCE JAN 1     88                        35     53       49
...................................................................


WIND (MPH)
  HIGHEST WIND SPEED    21   HIGHEST WIND DIRECTION    NE (30)
  HIGHEST GUST SPEED    26   HIGHEST GUST DIRECTION     N (20)
  AVERAGE WIND SPEED     6.9


SKY COVER
  POSSIBLE SUNSHINE  MM
  AVERAGE SKY COVER 0.2


WEATHER CONDITIONS
THE FOLLOWING WEATHER WAS RECORDED YESTERDAY.
  NO SIGNIFICANT WEATHER WAS OBSERVED.


RELATIVE HUMIDITY (PERCENT)
 HIGHEST    56           600 AM
 LOWEST     11           400 PM
 AVERAGE    34

..........................................................


THE BILLINGS MT CLIMATE NORMALS FOR TODAY
                         NORMAL    RECORD    YEAR
 MAXIMUM TEMPERATURE (F)   76        98      1959
 MINIMUM TEMPERATURE (F)   52        32      1969


SUNRISE AND SUNSET
JUNE 13 2021..........SUNRISE   524 AM MDT   SUNSET   905 PM MDT
JUNE 14 2021..........SUNRISE   524 AM MDT   SUNSET   906 PM MDT


-  INDICATES NEGATIVE NUMBERS.
R  INDICATES RECORD WAS SET OR TIED.
MM INDICATES DATA IS MISSING.
T  INDICATES TRACE AMOUNT.




$$
