000
CDUS45 KBYZ 281040
CLIBIL

CLIMATE REPORT
NATIONAL WEATHER SERVICE BILLINGS MT
340 AM MST SAT NOV 28 2020

...................................

...THE BILLINGS MT CLIMATE SUMMARY FOR NOVEMBER 27 2020...

CLIMATE NORMAL PERIOD 1981 TO 2010
CLIMATE RECORD PERIOD 1934 TO 2020


WEATHER ITEM   OBSERVED TIME   RECORD YEAR NORMAL DEPARTURE LAST
                VALUE   (LST)  VALUE       VALUE  FROM      YEAR
                                                  NORMAL
...................................................................
TEMPERATURE (F)
 YESTERDAY
  MAXIMUM         47    110 PM  66    1949  39      8       32
  MINIMUM         27    117 AM -17    1985  22      5       15
  AVERAGE         37                        31      6       24

PRECIPITATION (IN)
  YESTERDAY        0.00          0.34 1991   0.02  -0.02     0.00
  MONTH TO DATE    0.37                      0.58  -0.21     0.49
  SINCE OCT 1      2.53                      1.76   0.77     1.33
  SINCE JAN 1     12.81                     13.11  -0.30    18.49

SNOWFALL (IN)
  YESTERDAY        0.0           3.4  1991   0.2   -0.2      0.0
  MONTH TO DATE    3.8                       5.7   -1.9      3.4
  SINCE SEP 1     23.7                      10.9   12.8     14.0
  SINCE JUL 1     23.7                      10.9   12.8     14.0
  SNOW DEPTH       0

DEGREE DAYS
 HEATING
  YESTERDAY       28                        34     -6       41
  MONTH TO DATE  691                       771    -80      759
  SINCE SEP 1   1469                      1486    -17     1710
  SINCE JUL 1   1482                      1518    -36     1725

 COOLING
  YESTERDAY        0                         0      0        0
  MONTH TO DATE    0                         0      0        0
  SINCE SEP 1     81                        54     27       92
  SINCE JAN 1    761                       636    125      682
...................................................................


WIND (MPH)
  HIGHEST WIND SPEED    31   HIGHEST WIND DIRECTION    SW (240)
  HIGHEST GUST SPEED    38   HIGHEST GUST DIRECTION    SW (230)
  AVERAGE WIND SPEED    20.9


SKY COVER
  POSSIBLE SUNSHINE  MM
  AVERAGE SKY COVER 0.4


WEATHER CONDITIONS
THE FOLLOWING WEATHER WAS RECORDED YESTERDAY.
  NO SIGNIFICANT WEATHER WAS OBSERVED.


RELATIVE HUMIDITY (PERCENT)
 HIGHEST    55          1200 AM
 LOWEST     31          1000 AM
 AVERAGE    43

..........................................................


THE BILLINGS MT CLIMATE NORMALS FOR TODAY
                         NORMAL    RECORD    YEAR
 MAXIMUM TEMPERATURE (F)   39        61      2014
 MINIMUM TEMPERATURE (F)   22       -16      1985


SUNRISE AND SUNSET
NOVEMBER 28 2020......SUNRISE   732 AM MST   SUNSET   432 PM MST
NOVEMBER 29 2020......SUNRISE   733 AM MST   SUNSET   432 PM MST


-  INDICATES NEGATIVE NUMBERS.
R  INDICATES RECORD WAS SET OR TIED.
MM INDICATES DATA IS MISSING.
T  INDICATES TRACE AMOUNT.




$$
