840
CDUS43 KBIS 260739
CLIBIS


CLIMATE REPORT
NATIONAL WEATHER SERVICE BISMARCK ND
138 AM CST THU NOV 26 2020


...................................

...THE BISMARCK ND CLIMATE SUMMARY FOR NOVEMBER 25 2020...

CLIMATE NORMAL PERIOD 1981 TO 2010
CLIMATE RECORD PERIOD 1875 TO 2020


WEATHER ITEM   OBSERVED TIME   RECORD YEAR NORMAL DEPARTURE LAST
                VALUE   (LST)  VALUE       VALUE  FROM      YEAR
                                                  NORMAL
..................................................................
TEMPERATURE (F)
 YESTERDAY
  MAXIMUM         52    337 PM  71    1960  34     18       39
  MINIMUM         10   1242 AM -20    1977  14     -4       32
  AVERAGE         31                        24      7       36

PRECIPITATION (IN)
  YESTERDAY        0.01          0.97 1908   0.01   0.00      T
  MONTH TO DATE    0.24                      0.62  -0.38     0.33
  SINCE SEP 1      1.47                      3.46  -1.99     9.43
  SINCE JAN 1      8.15                     17.27  -9.12    28.27

SNOWFALL (IN)
  YESTERDAY        0.0           9.5  1908   0.3   -0.3       T
  MONTH TO DATE    T                         7.3   -7.3      5.1
  SINCE SEP 1      4.7                       9.7   -5.0     22.2
  SINCE JUL 1      4.7                       9.7   -5.0     22.2
  SNOW DEPTH       0

DEGREE DAYS
 HEATING
  YESTERDAY       34                        41     -7       29
  MONTH TO DATE  727                       861   -134      878
  SINCE SEP 1   1652                      1718    -66     1841
  SINCE JUL 1   1654                      1773   -119     1872

 COOLING
  YESTERDAY        0                         0      0        0
  MONTH TO DATE    0                         0      0        0
  SINCE SEP 1     23                        39    -16       41
  SINCE JAN 1    793                       520    273      530
..................................................................


WIND (MPH)
  HIGHEST WIND SPEED    17   HIGHEST WIND DIRECTION    NW (310)
  HIGHEST GUST SPEED    25   HIGHEST GUST DIRECTION    NW (310)
  AVERAGE WIND SPEED     6.5


SKY COVER
  POSSIBLE SUNSHINE  MM
  AVERAGE SKY COVER 0.0


WEATHER CONDITIONS
 THE FOLLOWING WEATHER WAS RECORDED YESTERDAY.
  LIGHT RAIN
  FOG


RELATIVE HUMIDITY (PERCENT)
 HIGHEST    92           100 AM
 LOWEST     30           300 PM
 AVERAGE    61

..........................................................


THE BISMARCK ND CLIMATE NORMALS FOR TODAY
                         NORMAL    RECORD    YEAR
 MAXIMUM TEMPERATURE (F)   33        65      1963
 MINIMUM TEMPERATURE (F)   14       -16      1887


SUNRISE AND SUNSET
NOVEMBER 26 2020......SUNRISE   802 AM CST   SUNSET   459 PM CST
NOVEMBER 27 2020......SUNRISE   803 AM CST   SUNSET   458 PM CST


-  INDICATES NEGATIVE NUMBERS.
R  INDICATES RECORD WAS SET OR TIED.
MM INDICATES DATA IS MISSING.
T  INDICATES TRACE AMOUNT.




$$
