000
CDUS43 KGRR 040525
CLIBIV

CLIMATE REPORT
NATIONAL WEATHER SERVICE GRAND RAPIDS, MICHIGAN
1225 AM EST FRI DEC 04 2020

...................................

...THE HOLLAND CLIMATE SUMMARY FOR DECEMBER 3 2020...

CLIMATE NORMAL PERIOD: 1981 TO 2010
CLIMATE RECORD PERIOD: 1905 TO 2020


WEATHER ITEM   OBSERVED TIME   NORMAL DEPARTURE LAST
                VALUE   (LST)  VALUE  FROM      YEAR
                                      NORMAL
.......................................................
TEMPERATURE (F)
 YESTERDAY
  MAXIMUM         41  10:45 PM  41      0       40
  MINIMUM         35   7:46 AM  30      5       31
  AVERAGE         38            35      3       36

PRECIPITATION (IN)
  YESTERDAY        0.00          0.10  -0.10      T
  MONTH TO DATE    0.00          0.30  -0.30     0.53
  SINCE DEC 1      0.00          0.30  -0.30     0.53
  SINCE JAN 1     29.97         34.46  -4.49    40.13

DEGREE DAYS
 HEATING
  YESTERDAY       27            30     -3       29
  MONTH TO DATE   85            89     -4       92
  SINCE DEC 1     85            89     -4       92
  SINCE JUL 1   1280          1312    -32     1454

 COOLING
  YESTERDAY        0             0      0        0
  MONTH TO DATE    0             0      0        0
  SINCE DEC 1      0             0      0        0
  SINCE JAN 1    794           693    101      689
.......................................................


WIND (MPH)
  RESULTANT WIND SPEED  14   RESULTANT WIND DIRECTION   W (260)
  HIGHEST WIND SPEED    22   HIGHEST WIND DIRECTION     W (260)
  HIGHEST GUST SPEED    30   HIGHEST GUST DIRECTION     W (250)
  AVERAGE WIND SPEED    13.9


SKY COVER
  AVERAGE SKY COVER 0.4


WEATHER CONDITIONS
THE FOLLOWING WEATHER WAS RECORDED YESTERDAY.
  NO SIGNIFICANT WEATHER WAS OBSERVED.


RELATIVE HUMIDITY (PERCENT)
 HIGHEST    75           4:00 PM
 LOWEST     51          12:00 AM
 AVERAGE    63

..........................................................


THE HOLLAND CLIMATE NORMALS FOR TODAY
                         NORMAL




SUNRISE AND SUNSET
DECEMBER  4 2020......SUNRISE   7:59 AM EST   SUNSET   5:11 PM EST
DECEMBER  5 2020......SUNRISE   8:00 AM EST   SUNSET   5:11 PM EST


-  INDICATES NEGATIVE NUMBERS.
R  INDICATES RECORD WAS SET OR TIED.
MM INDICATES DATA IS MISSING.
T  INDICATES TRACE AMOUNT.




$$
