000
CDUS41 KRLX 130720
CLIBKW

CLIMATE REPORT
NATIONAL WEATHER SERVICE CHARLESTON WV
320 AM EDT SUN JUN 13 2021

...................................

...THE BECKLEY WV CLIMATE SUMMARY FOR JUNE 12 2021...

CLIMATE NORMAL PERIOD: 1991 TO 2020
CLIMATE RECORD PERIOD: 1893 TO 2021


WEATHER ITEM   OBSERVED TIME   RECORD YEAR NORMAL DEPARTURE LAST
                VALUE   (LST)  VALUE       VALUE  FROM      YEAR
                                                  NORMAL
...................................................................
TEMPERATURE (F)
 YESTERDAY
  MAXIMUM         78   6:10 PM  90    1947  77      1       77
  MINIMUM         64  11:46 PM  38    1910  58      6       52
  AVERAGE         71                        68      3       65

PRECIPITATION (IN)
  YESTERDAY        0.29          1.48 1915   0.13   0.16     0.00
  MONTH TO DATE    2.93                      1.70   1.23     1.51
  SINCE JUN 1      2.93                      1.70   1.23     1.51
  SINCE JAN 1     20.54                     20.24   0.30    26.45

DEGREE DAYS
 HEATING
  YESTERDAY        0                         1     -1        0
  MONTH TO DATE    3                        21    -18        8
  SINCE JUN 1      3                        21    -18        8
  SINCE JUL 1   4909                      5050   -141     4678

 COOLING
  YESTERDAY        6                         4      2        0
  MONTH TO DATE   61                        35     26       60
  SINCE JUN 1     61                        35     26       60
  SINCE JAN 1    112                        97     15      133
...................................................................


WIND (MPH)
  HIGHEST WIND SPEED    16   HIGHEST WIND DIRECTION     N (360)
  HIGHEST GUST SPEED    21   HIGHEST GUST DIRECTION     N (350)
  AVERAGE WIND SPEED     5.4


SKY COVER
  AVERAGE SKY COVER 0.8


WEATHER CONDITIONS
THE FOLLOWING WEATHER WAS RECORDED YESTERDAY.
  HEAVY RAIN
  RAIN
  LIGHT RAIN
  FOG


RELATIVE HUMIDITY (PERCENT)
 HIGHEST   100
 LOWEST     64
 AVERAGE    82

..........................................................


THE BECKLEY WV CLIMATE NORMALS FOR TODAY
                         NORMAL    RECORD    YEAR
 MAXIMUM TEMPERATURE (F)   77        91      1914
                                             1944
 MINIMUM TEMPERATURE (F)   58        40      1910


SUNRISE AND SUNSET
JUNE 13 2021..........SUNRISE   6:02 AM EDT   SUNSET   8:47 PM EDT
JUNE 14 2021..........SUNRISE   6:02 AM EDT   SUNSET   8:48 PM EDT


-  INDICATES NEGATIVE NUMBERS.
R  INDICATES RECORD WAS SET OR TIED.
MM INDICATES DATA IS MISSING.
T  INDICATES TRACE AMOUNT.




$$
