000
CDUS41 KRLX 280822
CLIBKW

CLIMATE REPORT
NATIONAL WEATHER SERVICE CHARLESTON WV
322 AM EST SAT NOV 28 2020

...................................

...THE BECKLEY WV CLIMATE SUMMARY FOR NOVEMBER 27 2020...

CLIMATE NORMAL PERIOD: 1981 TO 2010
CLIMATE RECORD PERIOD: 1893 TO 2020


WEATHER ITEM   OBSERVED TIME   RECORD YEAR NORMAL DEPARTURE LAST
                VALUE   (LST)  VALUE       VALUE  FROM      YEAR
                                                  NORMAL
...................................................................
TEMPERATURE (F)
 YESTERDAY
  MAXIMUM         51   2:35 PM  74    1990  48      3       64
  MINIMUM         38  10:53 PM   1    1930  31      7       39
  AVERAGE         45                        40      5       52

PRECIPITATION (IN)
  YESTERDAY        0.00          1.00 1921   0.10  -0.10     0.66
  MONTH TO DATE    1.17                      2.64  -1.47     1.56
  SINCE SEP 1      6.44                      8.22  -1.78     8.50
  SINCE JAN 1     47.84                     37.88   9.96    40.22

SNOWFALL (IN)
  YESTERDAY        0.0           3.8  1977   0.2   -0.2      0.0
  MONTH TO DATE    T                         2.1   -2.1      1.8
  SINCE SEP 1      T                         2.5   -2.5      1.8
  SINCE JUL 1      T                         2.5   -2.5      1.8
  SNOW DEPTH       0

DEGREE DAYS
 HEATING
  YESTERDAY       20                        25     -5       13
  MONTH TO DATE  411                       555   -144      667
  SINCE SEP 1    791                      1040   -249      924
  SINCE JUL 1    791                      1061   -270      933

 COOLING
  YESTERDAY        0                         0      0        0
  MONTH TO DATE    0                         0      0        0
  SINCE SEP 1     78                        63     15      254
  SINCE JAN 1    797                       556    241      948
...................................................................


WIND (MPH)
  HIGHEST WIND SPEED    13   HIGHEST WIND DIRECTION     W (270)
  HIGHEST GUST SPEED    15   HIGHEST GUST DIRECTION    SW (220)
  AVERAGE WIND SPEED     3.1


SKY COVER
  AVERAGE SKY COVER 0.6


WEATHER CONDITIONS
THE FOLLOWING WEATHER WAS RECORDED YESTERDAY.
  FOG
  FOG W/VISIBILITY <= 1/4 MILE


RELATIVE HUMIDITY (PERCENT)
 HIGHEST   100
 LOWEST     66
 AVERAGE    83

..........................................................


THE BECKLEY WV CLIMATE NORMALS FOR TODAY
                         NORMAL    RECORD    YEAR
 MAXIMUM TEMPERATURE (F)   48        72      1909
 MINIMUM TEMPERATURE (F)   31         6      1938


SUNRISE AND SUNSET
NOVEMBER 28 2020......SUNRISE   7:19 AM EST   SUNSET   5:06 PM EST
NOVEMBER 29 2020......SUNRISE   7:20 AM EST   SUNSET   5:06 PM EST


-  INDICATES NEGATIVE NUMBERS.
R  INDICATES RECORD WAS SET OR TIED.
MM INDICATES DATA IS MISSING.
T  INDICATES TRACE AMOUNT.




$$
