000
CDUS41 KRNK 130613
CLIBLF

CLIMATE REPORT
NATIONAL WEATHER SERVICE BLACKSBURG, VA
213 AM EDT SUN JUN 13 2021

...................................

...THE BLUEFIELD WV CLIMATE SUMMARY FOR JUNE 12 2021...

CLIMATE NORMAL PERIOD: 1991 TO 2020
CLIMATE RECORD PERIOD: 1909 TO 2021


WEATHER ITEM   OBSERVED TIME   RECORD YEAR NORMAL DEPARTURE LAST
                VALUE   (LST)  VALUE       VALUE  FROM      YEAR
                                                  NORMAL
...................................................................
TEMPERATURE (F)
 YESTERDAY
  MAXIMUM         77   3:47 PM  92    1914  75      2       74
  MINIMUM         64  11:59 PM  40    1923  58      6       53
  AVERAGE         71                        66      5       64

PRECIPITATION (IN)
  YESTERDAY        0.21          2.95 2004   0.13   0.08     0.00
  MONTH TO DATE    2.02                      1.68   0.34     0.96
  SINCE JUN 1      2.02                      1.68   0.34     0.96
  SINCE JAN 1     18.68                     19.70  -1.02    27.24

SNOWFALL (IN)
  YESTERDAY        0.0                                       0.0
  MONTH TO DATE    0.0                                       0.0
  SINCE JUN 1      0.0                                       0.0
  SINCE JUL 1     45.1                                      15.7
  SNOW DEPTH       0

DEGREE DAYS
 HEATING
  YESTERDAY        0                         2     -2        1
  MONTH TO DATE    4                        28    -24       11
  SINCE JUN 1      4                        28    -24       11
  SINCE JUL 1   5048                      5206   -158     4811

 COOLING
  YESTERDAY        6                         3      3        0
  MONTH TO DATE   44                        28     16       50
  SINCE JUN 1     44                        28     16       50
  SINCE JAN 1     86                        75     11       89
...................................................................


WIND (MPH)
  RESULTANT WIND SPEED   3   RESULTANT WIND DIRECTION   N (360)
  HIGHEST WIND SPEED    13   HIGHEST WIND DIRECTION     N (20)
  HIGHEST GUST SPEED    18   HIGHEST GUST DIRECTION     N (350)
  AVERAGE WIND SPEED     3.4


SKY COVER
  AVERAGE SKY COVER 0.8


WEATHER CONDITIONS
THE FOLLOWING WEATHER WAS RECORDED YESTERDAY.
  HEAVY RAIN
  RAIN
  LIGHT RAIN
  FOG


RELATIVE HUMIDITY (PERCENT)
 HIGHEST   100           1:00 AM
 LOWEST     64           4:00 PM
 AVERAGE    82

..........................................................


THE BLUEFIELD WV CLIMATE NORMALS FOR TODAY
                         NORMAL    RECORD    YEAR
 MAXIMUM TEMPERATURE (F)   76        91      1954
 MINIMUM TEMPERATURE (F)   58        42      1918


SUNRISE AND SUNSET
JUNE 13 2021..........SUNRISE   6:04 AM EDT   SUNSET   8:46 PM EDT
JUNE 14 2021..........SUNRISE   6:04 AM EDT   SUNSET   8:47 PM EDT


-  INDICATES NEGATIVE NUMBERS.
R  INDICATES RECORD WAS SET OR TIED.
MM INDICATES DATA IS MISSING.
T  INDICATES TRACE AMOUNT.


$$

PW
