000
CDUS41 KRNK 281023
CLIBLF

CLIMATE REPORT
NATIONAL WEATHER SERVICE BLACKSBURG, VA
523 AM EST SAT NOV 28 2020

...................................

...THE BLUEFIELD WV CLIMATE SUMMARY FOR NOVEMBER 27 2020...

CLIMATE NORMAL PERIOD: 1981 TO 2010
CLIMATE RECORD PERIOD: 1909 TO 2020


WEATHER ITEM   OBSERVED TIME   RECORD YEAR NORMAL DEPARTURE LAST
                VALUE   (LST)  VALUE       VALUE  FROM      YEAR
                                                  NORMAL
...................................................................
TEMPERATURE (F)
 YESTERDAY
  MAXIMUM         52   3:44 PM  75    1990  51      1       63
  MINIMUM         38   8:11 AM  12    1977  35      3       38
  AVERAGE         45                        43      2       51

PRECIPITATION (IN)
  YESTERDAY        0.00          0.79 1993   0.09  -0.09     0.20
  MONTH TO DATE    2.16                      2.40  -0.24     0.99
  SINCE SEP 1      8.45                      8.04   0.41     8.33
  SINCE JAN 1     49.13                     36.43  12.70    35.79

SNOWFALL (IN)
  YESTERDAY        0.0                                       0.0
  MONTH TO DATE    T                                         1.2
  SINCE SEP 1      T                                         1.2
  SINCE JUL 1      T                                         1.2
  SNOW DEPTH       0

DEGREE DAYS
 HEATING
  YESTERDAY       20                        22     -2       14
  MONTH TO DATE  426                       471    -45      680
  SINCE SEP 1    860                       829     31      972
  SINCE JUL 1    860                       835     25      993

 COOLING
  YESTERDAY        0                         0      0        0
  MONTH TO DATE    0                         0      0        0
  SINCE SEP 1     57                       117    -60      214
  SINCE JAN 1    573                       851   -278      748
...................................................................


WIND (MPH)
  RESULTANT WIND SPEED   3   RESULTANT WIND DIRECTION   W (270)
  HIGHEST WIND SPEED    13   HIGHEST WIND DIRECTION     W (290)
  HIGHEST GUST SPEED    19   HIGHEST GUST DIRECTION    SW (240)
  AVERAGE WIND SPEED     4.3


SKY COVER
  AVERAGE SKY COVER 0.3


WEATHER CONDITIONS
THE FOLLOWING WEATHER WAS RECORDED YESTERDAY.
  FOG
  FOG W/VISIBILITY <= 1/4 MILE


RELATIVE HUMIDITY (PERCENT)
 HIGHEST   100          12:00 AM
 LOWEST     58           5:00 PM
 AVERAGE    79

..........................................................


THE BLUEFIELD WV CLIMATE NORMALS FOR TODAY
                         NORMAL    RECORD    YEAR
 MAXIMUM TEMPERATURE (F)   50        72      1990
 MINIMUM TEMPERATURE (F)   34         3      1930


SUNRISE AND SUNSET
NOVEMBER 28 2020......SUNRISE   7:18 AM EST   SUNSET   5:08 PM EST
NOVEMBER 29 2020......SUNRISE   7:19 AM EST   SUNSET   5:08 PM EST


-  INDICATES NEGATIVE NUMBERS.
R  INDICATES RECORD WAS SET OR TIED.
MM INDICATES DATA IS MISSING.
T  INDICATES TRACE AMOUNT.

REMARKS:
DUE TO MISSING RAINFALL ON MAY 28, THE ANNUAL PRECIPITATION TOTAL
WILL BE CALCULATED WITHOUT DATA FROM THIS DAY.

$$

RAB
