736
CDUS46 KSEW 130826
CLIBLI

CLIMATE REPORT
NATIONAL WEATHER SERVICE SEATTLE
126 AM PDT SUN JUN 13 2021

...................................

...THE BELLINGHAM WA AIRPORT CLIMATE SUMMARY FOR JUNE 12 2021...

CLIMATE NORMAL PERIOD 1991 TO 2020
CLIMATE RECORD PERIOD 1949 TO 2021


WEATHER ITEM   OBSERVED TIME   RECORD YEAR NORMAL DEPARTURE LAST
                VALUE   (LST)  VALUE       VALUE  FROM      YEAR
                                                  NORMAL
...................................................................
TEMPERATURE (F)
 YESTERDAY
  MAXIMUM         74    255 PM  85    2019  67      7       59
  MINIMUM         54    506 AM  41    1949  52      2       53
                                      1970
  AVERAGE         64                        59      5       56

PRECIPITATION (IN)
  YESTERDAY        0.05          0.63 1978   0.05   0.00     0.56
  MONTH TO DATE    0.53                      0.72  -0.19     1.53
  SINCE OCT 1     29.98                     29.80   0.18    30.94
  SINCE JAN 1     13.43                     16.42  -2.99    19.96

DEGREE DAYS
 HEATING
  YESTERDAY        1                         6     -5        9
  MONTH TO DATE   74                        77     -3       93
  SINCE JUN 1     74                        77     -3       93
  SINCE JUL 1   4771                      5021   -250     4855

 COOLING
  YESTERDAY        0                         0      0        0
  MONTH TO DATE    3                         0      3        0
  SINCE JUN 1      3                         0      3        0
  SINCE JAN 1      3                         1      2        0
...................................................................


WIND (MPH)
  RESULTANT WIND SPEED   2   RESULTANT WIND DIRECTION  SE (150)
  HIGHEST WIND SPEED    12   HIGHEST WIND DIRECTION     S (180)
  HIGHEST GUST SPEED    18   HIGHEST GUST DIRECTION    SW (210)
  AVERAGE WIND SPEED     4.6


SKY COVER
  AVERAGE SKY COVER 0.6


WEATHER CONDITIONS
THE FOLLOWING WEATHER WAS RECORDED YESTERDAY.
  LIGHT RAIN


RELATIVE HUMIDITY (PERCENT)
 HIGHEST    67           600 AM
 LOWEST     38           200 PM
 AVERAGE    53

..........................................................


THE BELLINGHAM WA AIRPORT CLIMATE NORMALS FOR TODAY
                         NORMAL    RECORD    YEAR
 MAXIMUM TEMPERATURE (F)   67        83      1986
                                             2002
 MINIMUM TEMPERATURE (F)   52        37      1952


SUNRISE AND SUNSET
JUNE 13 2021..........SUNRISE   506 AM PDT   SUNSET   914 PM PDT
JUNE 14 2021..........SUNRISE   506 AM PDT   SUNSET   915 PM PDT


-  INDICATES NEGATIVE NUMBERS.
R  INDICATES RECORD WAS SET OR TIED.
MM INDICATES DATA IS MISSING.
T  INDICATES TRACE AMOUNT.




$$
