000
CDUS46 KSEW 280828
CLIBLI


CLIMATE REPORT
NATIONAL WEATHER SERVICE SEATTLE WA
1227 AM PST SAT NOV 28 2020


...................................

...THE BELLINGHAM WA AIRPORT CLIMATE SUMMARY FOR NOVEMBER 27 2020...

CLIMATE NORMAL PERIOD 1981 TO 2010
CLIMATE RECORD PERIOD 1949 TO 2020


WEATHER ITEM   OBSERVED TIME   RECORD YEAR NORMAL DEPARTURE LAST
                VALUE   (LST)  VALUE       VALUE  FROM      YEAR
                                                  NORMAL
..................................................................
TEMPERATURE (F)
 YESTERDAY
  MAXIMUM         54    130 PM  60    2011  47      7       44
  MINIMUM         47   1052 PM   4    1985  34     13       36
  AVERAGE         51                        41     10       40

PRECIPITATION (IN)
  YESTERDAY        0.13          0.75 1995   0.18  -0.05     0.00
  MONTH TO DATE    6.01                      5.24   0.77     2.10
  SINCE OCT 1      9.51                      8.92   0.59     6.63
  SINCE JAN 1     34.32                     31.05   3.27    26.59

DEGREE DAYS
 HEATING
  YESTERDAY       14                        24    -10       25
  MONTH TO DATE  534                       578    -44      491
  SINCE SEP 1   1035                      1285   -250     1106
  SINCE JUL 1   1176                      1482   -306     1178

 COOLING
  YESTERDAY        0                         0      0        0
  MONTH TO DATE    0                         0      0        0
  SINCE SEP 1     11                         2      9        6
  SINCE JAN 1     84                        42     42       73
..................................................................


WIND (MPH)
  RESULTANT WIND SPEED  16   RESULTANT WIND DIRECTION   S (180)
  HIGHEST WIND SPEED    28   HIGHEST WIND DIRECTION     S (160)
  HIGHEST GUST SPEED    36   HIGHEST GUST DIRECTION    SE (150)
  AVERAGE WIND SPEED    15.8


SKY COVER
  AVERAGE SKY COVER 0.7


WEATHER CONDITIONS
 THE FOLLOWING WEATHER WAS RECORDED YESTERDAY.
  LIGHT RAIN


RELATIVE HUMIDITY (PERCENT)
 HIGHEST    86          1000 PM
 LOWEST     54          1200 PM
 AVERAGE    70

..........................................................


THE BELLINGHAM WA AIRPORT CLIMATE NORMALS FOR TODAY
                         NORMAL    RECORD    YEAR
 MAXIMUM TEMPERATURE (F)   47        58      1995
 MINIMUM TEMPERATURE (F)   34        12      2006


SUNRISE AND SUNSET
NOVEMBER 28 2020......SUNRISE   739 AM PST   SUNSET   417 PM PST
NOVEMBER 29 2020......SUNRISE   740 AM PST   SUNSET   417 PM PST


-  INDICATES NEGATIVE NUMBERS.
R  INDICATES RECORD WAS SET OR TIED.
MM INDICATES DATA IS MISSING.
T  INDICATES TRACE AMOUNT.




$$
