000
CDUS44 KOHX 280752
CLIBNA

CLIMATE REPORT
NATIONAL WEATHER SERVICE NASHVILLE, TN
152 AM CST SAT NOV 28 2020

...................................

...THE NASHVILLE CLIMATE SUMMARY FOR NOVEMBER 27 2020...

CLIMATE NORMAL PERIOD: 1981 TO 2010
CLIMATE RECORD PERIOD: 1871 TO 2020


WEATHER ITEM   OBSERVED TIME   RECORD YEAR NORMAL DEPARTURE
                VALUE   (LST)  VALUE       VALUE  FROM
                                                  NORMAL
................................................................
TEMPERATURE (F)
 YESTERDAY
  MAXIMUM         62   3:03 PM  78    1990  55      7
  MINIMUM         38   7:21 AM  16    1898  36      2
  AVERAGE         50                        46      4

PRECIPITATION (IN)
  YESTERDAY        0.00          3.13 1973   0.17  -0.17
  MONTH TO DATE    0.35                      3.80  -3.45
  SINCE JAN 1     47.09                     42.50   4.59

SNOWFALL (IN)
  YESTERDAY        0.0           1.0  1887
  MONTH TO DATE    0.0
  SINCE SEP 1      0.0
  SINCE JUL 1      0.0

DEGREE DAYS
 HEATING
  YESTERDAY       15                               -4
  MONTH TO DATE  272                             -127
  SINCE SEP 1    412                             -202
  SINCE JUL 1    412                             -202

 COOLING
  YESTERDAY        0                                0
  MONTH TO DATE   13                               13
  SINCE SEP 1    314                               48
  SINCE JAN 1   1925                              285
................................................................


WIND (MPH)
  HIGHEST WIND SPEED    10   HIGHEST WIND DIRECTION     N (350)
  HIGHEST GUST SPEED    21   HIGHEST GUST DIRECTION     N (360)
  AVERAGE WIND SPEED     2.8


RELATIVE HUMIDITY (PERCENT)
 HIGHEST    97
 LOWEST     44

..........................................................


THE NASHVILLE CLIMATE NORMALS FOR TODAY
                         NORMAL    RECORD    YEAR
 MAXIMUM TEMPERATURE (F)   55        73      1990
                                             1998
 MINIMUM TEMPERATURE (F)   35        10      1887


SUNRISE AND SUNSET
NOVEMBER 28 2020......SUNRISE   6:37 AM CST   SUNSET   4:33 PM CST
NOVEMBER 29 2020......SUNRISE   6:38 AM CST   SUNSET   4:33 PM CST


-  INDICATES NEGATIVE NUMBERS.
R  INDICATES RECORD WAS SET OR TIED.
MM INDICATES DATA IS MISSING.
T  INDICATES TRACE AMOUNT.




$$
