068
CDUS44 KOHX 130649
CLIBNA

CLIMATE REPORT
NATIONAL WEATHER SERVICE NASHVILLE, TN
149 AM CDT SUN JUN 13 2021

...................................

...THE NASHVILLE CLIMATE SUMMARY FOR JUNE 12 2021...

CLIMATE NORMAL PERIOD: 1991 TO 2020
CLIMATE RECORD PERIOD: 1871 TO 2021


WEATHER ITEM   OBSERVED TIME   RECORD YEAR NORMAL DEPARTURE
                VALUE   (LST)  VALUE       VALUE  FROM
                                                  NORMAL
................................................................
TEMPERATURE (F)
 YESTERDAY
  MAXIMUM         95   3:33 PM  98    1902  87      8
                                      1947
                                      1977
  MINIMUM         71   4:21 AM  50    1903  66      5
                                      1913
  AVERAGE         83                        76      7

PRECIPITATION (IN)
  YESTERDAY        T             1.98 1909   0.14  -0.14
  MONTH TO DATE    2.05                      1.69   0.36
  SINCE JAN 1     29.10                     24.44   4.66

SNOWFALL (IN)
  YESTERDAY        0.0           0.0  2001
                                      2002
  MONTH TO DATE    0.0
  SINCE JUN 1      0.0
  SINCE JUL 1      5.4

DEGREE DAYS
 HEATING
  YESTERDAY        0                                0
  MONTH TO DATE    0                                0
  SINCE JUN 1      0                                0
  SINCE JUL 1   3193                             -171

 COOLING
  YESTERDAY       18                                7
  MONTH TO DATE  136                               15
  SINCE JUN 1    136                               15
  SINCE JAN 1    301                              -61
................................................................


WIND (MPH)
  HIGHEST WIND SPEED    14   HIGHEST WIND DIRECTION    NW (320)
  HIGHEST GUST SPEED    19   HIGHEST GUST DIRECTION     N (340)
  AVERAGE WIND SPEED     5.1


RELATIVE HUMIDITY (PERCENT)
 HIGHEST    91
 LOWEST     49

..........................................................


THE NASHVILLE CLIMATE NORMALS FOR TODAY
                         NORMAL    RECORD    YEAR
 MAXIMUM TEMPERATURE (F)   87        97      2016
 MINIMUM TEMPERATURE (F)   66        47      1903


SUNRISE AND SUNSET
JUNE 13 2021..........SUNRISE   5:29 AM CDT   SUNSET   8:05 PM CDT
JUNE 14 2021..........SUNRISE   5:29 AM CDT   SUNSET   8:05 PM CDT


-  INDICATES NEGATIVE NUMBERS.
R  INDICATES RECORD WAS SET OR TIED.
MM INDICATES DATA IS MISSING.
T  INDICATES TRACE AMOUNT.




$$
