406
CDUS45 KBOI 280932
CLIBNO

CLIMATE REPORT
NATIONAL WEATHER SERVICE BOISE ID
232 AM MST SAT NOV 28 2020

...................................

...THE BURNS OR CLIMATE SUMMARY FOR NOVEMBER 27 2020...

CLIMATE NORMAL PERIOD 1981 TO 2010
CLIMATE RECORD PERIOD 1938 TO 2020


WEATHER ITEM   OBSERVED TIME   RECORD YEAR NORMAL DEPARTURE LAST
                VALUE   (LST)  VALUE       VALUE  FROM      YEAR
                                                  NORMAL
...................................................................
TEMPERATURE (F)
 YESTERDAY
  MAXIMUM         42    315 PM  56    1949  39      3       35
                                      1950
  MINIMUM         11    657 AM -15    2015  18     -7       12
  AVERAGE         27                        28     -1       24

PRECIPITATION (IN)
  YESTERDAY        0.00          0.40 1995   0.05  -0.05     0.26
  MONTH TO DATE    1.13                      1.04   0.09     0.44
  SINCE OCT 1      1.49                      1.82  -0.33     0.83
  SINCE JAN 1      7.05                      9.24  -2.19    13.35

DEGREE DAYS
 HEATING
  YESTERDAY       38                        36      2       41
  MONTH TO DATE  816                       839    -23      768
  SINCE SEP 1   1541                      1752   -211     1867
  SINCE JUL 1   1586                      1889   -303     1916

 COOLING
  YESTERDAY        0                         0      0        0
  MONTH TO DATE    0                         0      0        0
  SINCE SEP 1     27                         9     18       22
  SINCE JAN 1    369                       215    154      269
...................................................................


WIND (MPH)
  HIGHEST WIND SPEED     7   HIGHEST WIND DIRECTION    NW (310)
  HIGHEST GUST SPEED     9   HIGHEST GUST DIRECTION     E (70)
  AVERAGE WIND SPEED     2.1


SKY COVER
  AVERAGE SKY COVER 0.0


WEATHER CONDITIONS
THE FOLLOWING WEATHER WAS RECORDED YESTERDAY.
  NO SIGNIFICANT WEATHER WAS OBSERVED.


RELATIVE HUMIDITY (PERCENT)
 HIGHEST    92          1200 AM
 LOWEST     49           300 PM
 AVERAGE    71

..........................................................


THE BURNS OR CLIMATE NORMALS FOR TODAY
                         NORMAL    RECORD    YEAR
 MAXIMUM TEMPERATURE (F)   39        54      1959
 MINIMUM TEMPERATURE (F)   18       -15      2015


SUNRISE AND SUNSET
NOVEMBER 28 2020......SUNRISE   706 AM PST   SUNSET   421 PM PST
NOVEMBER 29 2020......SUNRISE   708 AM PST   SUNSET   421 PM PST


-  INDICATES NEGATIVE NUMBERS.
R  INDICATES RECORD WAS SET OR TIED.
MM INDICATES DATA IS MISSING.
T  INDICATES TRACE AMOUNT.




$$
