002
CDUS45 KBOI 130931
CLIBNO

CLIMATE REPORT
NATIONAL WEATHER SERVICE BOISE ID
331 AM MDT SUN JUN 13 2021

...................................

...THE BURNS OR CLIMATE SUMMARY FOR JUNE 12 2021...

CLIMATE NORMAL PERIOD 1991 TO 2020
CLIMATE RECORD PERIOD 1938 TO 2021


WEATHER ITEM   OBSERVED TIME   RECORD YEAR NORMAL DEPARTURE LAST
                VALUE   (LST)  VALUE       VALUE  FROM      YEAR
                                                  NORMAL
...................................................................
TEMPERATURE (F)
 YESTERDAY
  MAXIMUM         80    509 PM  95    1940  75      5       82
  MINIMUM         43    450 AM  28    1993  42      1       53
  AVERAGE         62                        58      4       68

PRECIPITATION (IN)
  YESTERDAY        T             0.34 1992   0.02  -0.02     0.03
  MONTH TO DATE    0.07                      0.36  -0.29     0.12
  SINCE OCT 1      7.34                      9.12  -1.78     7.06
  SINCE JAN 1      5.26                      5.81  -0.55     4.88

DEGREE DAYS
 HEATING
  YESTERDAY        3                         7     -4        0
  MONTH TO DATE   72                        98    -26       68
  SINCE JUN 1     72                        98    -26       68
  SINCE JUL 1   6828                      7120   -292     7004

 COOLING
  YESTERDAY        0                         1     -1        3
  MONTH TO DATE   30                         2     28        7
  SINCE JUN 1     30                         2     28        7
  SINCE JAN 1     32                         6     26       29
...................................................................


WIND (MPH)
  HIGHEST WIND SPEED    16   HIGHEST WIND DIRECTION    SE (140)
  HIGHEST GUST SPEED    24   HIGHEST GUST DIRECTION     S (160)
  AVERAGE WIND SPEED     4.6


SKY COVER
  AVERAGE SKY COVER 0.5


WEATHER CONDITIONS
THE FOLLOWING WEATHER WAS RECORDED YESTERDAY.
  LIGHT RAIN
  FOG
  FOG W/VISIBILITY <= 1/4 MILE


RELATIVE HUMIDITY (PERCENT)
 HIGHEST    97           100 AM
 LOWEST     28           200 PM
 AVERAGE    63

..........................................................


THE BURNS OR CLIMATE NORMALS FOR TODAY
                         NORMAL    RECORD    YEAR
 MAXIMUM TEMPERATURE (F)   75        92      1987
 MINIMUM TEMPERATURE (F)   42        26      1990


SUNRISE AND SUNSET
JUNE 13 2021..........SUNRISE   514 AM PDT   SUNSET   838 PM PDT
JUNE 14 2021..........SUNRISE   514 AM PDT   SUNSET   839 PM PDT


-  INDICATES NEGATIVE NUMBERS.
R  INDICATES RECORD WAS SET OR TIED.
MM INDICATES DATA IS MISSING.
T  INDICATES TRACE AMOUNT.




$$
