820
CDUS41 KBOX 282152
CLIBOS


CLIMATE REPORT
NATIONAL WEATHER SERVICE BOSTON/NORTON MA
441 PM EST SAT NOV 28 2020


...................................

...THE BOSTON MA CLIMATE SUMMARY FOR NOVEMBER 28 2020...
VALID AS OF 0400 PM LOCAL TIME.

CLIMATE NORMAL PERIOD 1981 TO 2010
CLIMATE RECORD PERIOD 1872 TO 2020


WEATHER ITEM   OBSERVED TIME   RECORD YEAR NORMAL DEPARTURE LAST
                VALUE   (LST)  VALUE       VALUE  FROM      YEAR
                                                  NORMAL
..................................................................
TEMPERATURE (F)
 TODAY
  MAXIMUM         54    147 PM  74    1990  47      7       53
  MINIMUM         45    731 AM  11    1873  34     11       35
  AVERAGE         50                        41      9       44

PRECIPITATION (IN)
  TODAY            0.00          1.98 1937   0.14  -0.14     0.14
  MONTH TO DATE    3.35                      3.71  -0.36     3.37
  SINCE SEP 1      9.30                     11.09  -1.79     9.98
  SINCE JAN 1     31.02                     39.71  -8.69    44.31

SNOWFALL (IN)
  TODAY            0.0           2.3  2014   0.1   -0.1      0.0
  MONTH TO DATE    T                         1.1   -1.1       T
  SINCE SEP 1      4.3                       1.1    3.2       T
  SINCE JUL 1      4.3                       1.1    3.2       T
  SNOW DEPTH      MM

DEGREE DAYS
 HEATING
  TODAY           15                        24     -9       21
  MONTH TO DATE  464                       560    -96      600
  SINCE SEP 1    849                       994   -145      863
  SINCE JUL 1    851                      1007   -156      863

 COOLING
  TODAY            0                         0      0        0
  MONTH TO DATE    0                         0      0        0
  SINCE SEP 1     97                        88      9      135
  SINCE JAN 1    924                       747    177     1013
..................................................................


WIND (MPH)
  HIGHEST WIND SPEED    16   HIGHEST WIND DIRECTION    NW (320)
  HIGHEST GUST SPEED    22   HIGHEST GUST DIRECTION     W (280)
  AVERAGE WIND SPEED     6.7


SKY COVER
  POSSIBLE SUNSHINE  MM
  AVERAGE SKY COVER 0.8


WEATHER CONDITIONS
 THE FOLLOWING WEATHER WAS RECORDED TODAY.
  NO SIGNIFICANT WEATHER WAS OBSERVED.


RELATIVE HUMIDITY (PERCENT)
 HIGHEST    83           700 AM
 LOWEST     50           200 PM
 AVERAGE    67

..........................................................


THE BOSTON MA CLIMATE NORMALS FOR TOMORROW
                         NORMAL    RECORD    YEAR
 MAXIMUM TEMPERATURE (F)   47        69      1990
 MINIMUM TEMPERATURE (F)   34         8      1875


SUNRISE AND SUNSET
NOVEMBER 28 2020......SUNRISE   651 AM EST   SUNSET   413 PM EST
NOVEMBER 29 2020......SUNRISE   652 AM EST   SUNSET   413 PM EST


-  INDICATES NEGATIVE NUMBERS.
R  INDICATES RECORD WAS SET OR TIED.
MM INDICATES DATA IS MISSING.
T  INDICATES TRACE AMOUNT.




$$
