000
CDUS45 KRIW 280834
CLIBPI

CLIMATE REPORT
NATIONAL WEATHER SERVICE RIVERTON WY
134 AM MST SAT NOV 28 2020

...................................

...THE BIG PINEY  WY CLIMATE SUMMARY FOR NOVEMBER 27 2020...

CLIMATE NORMAL PERIOD: 1981 TO 2010
CLIMATE RECORD PERIOD: 1976 TO 2020


WEATHER ITEM   OBSERVED TIME   RECORD YEAR NORMAL DEPARTURE LAST
                VALUE   (LST)  VALUE       VALUE  FROM      YEAR
                                                  NORMAL
...................................................................
TEMPERATURE (F)
 YESTERDAY
  MAXIMUM         34   3:57 PM  50    2017  31      3       19
  MINIMUM          1   7:34 AM -22    2015   5     -4        1
  AVERAGE         18                        18      0

PRECIPITATION (IN)
  YESTERDAY        0.00          0.09 1990   0.00   0.00      T
  MONTH TO DATE    0.17                      0.19  -0.02     0.03
  SINCE SEP 1      0.29                      1.50  -1.21     1.22
  SINCE JAN 1      2.20                      6.16  -3.96     1.99

DEGREE DAYS
 HEATING
  YESTERDAY       47                        47      0       55
  MONTH TO DATE 1049                      1091    -42     1022
  SINCE SEP 1   2209                      2378   -169     2502
  SINCE JUL 1   2380                      2671   -291     2726

 COOLING
  YESTERDAY        0                         0      0        0
  MONTH TO DATE    0                         0      0        0
  SINCE SEP 1      0                         0      0        0
  SINCE JAN 1     34                        35     -1       12
...................................................................


WIND (MPH)
  HIGHEST WIND SPEED    12   HIGHEST WIND DIRECTION    NW (330)
  HIGHEST GUST SPEED    14   HIGHEST GUST DIRECTION     N (20)
  AVERAGE WIND SPEED     3.9


SKY COVER
  POSSIBLE SUNSHINE  MM
  AVERAGE SKY COVER 0.0


WEATHER CONDITIONS
THE FOLLOWING WEATHER WAS RECORDED YESTERDAY.
  NO SIGNIFICANT WEATHER WAS OBSERVED.


RELATIVE HUMIDITY (PERCENT)
 HIGHEST    87           7:00 AM
 LOWEST     40           4:00 PM
 AVERAGE    64

..........................................................


THE BIG PINEY  WY CLIMATE NORMALS FOR TODAY
                         NORMAL    RECORD    YEAR
 MAXIMUM TEMPERATURE (F)   31        55      2014
 MINIMUM TEMPERATURE (F)    4       -16      2015


SUNRISE AND SUNSET
NOVEMBER 28 2020......SUNRISE   7:28 AM MST   SUNSET   4:49 PM MST
NOVEMBER 29 2020......SUNRISE   7:29 AM MST   SUNSET   4:49 PM MST


-  INDICATES NEGATIVE NUMBERS.
R  INDICATES RECORD WAS SET OR TIED.
MM INDICATES DATA IS MISSING.
T  INDICATES TRACE AMOUNT.




$$
