971
CDUS45 KRIW 130759
CLIBPI

CLIMATE REPORT
NATIONAL WEATHER SERVICE RIVERTON WY
159 AM MDT SUN JUN 13 2021

...................................

...THE BIG PINEY  WY CLIMATE SUMMARY FOR JUNE 12 2021...

CLIMATE NORMAL PERIOD: 1991 TO 2020
CLIMATE RECORD PERIOD: 1976 TO 2021


WEATHER ITEM   OBSERVED TIME   RECORD YEAR NORMAL DEPARTURE LAST
                VALUE   (LST)  VALUE       VALUE  FROM      YEAR
                                                  NORMAL
...................................................................
TEMPERATURE (F)
 YESTERDAY
  MAXIMUM         81   3:42 PM  86    2006  71     10       83
  MINIMUM         30   5:19 AM  24    2002  36     -6       35
  AVERAGE         56                        53      3

PRECIPITATION (IN)
  YESTERDAY        0.00          0.52 2001   0.03  -0.03      T
  MONTH TO DATE    0.00                      0.45  -0.45     0.55
  SINCE JUN 1      0.00                      0.45  -0.45     0.55
  SINCE JAN 1      1.18                      3.59  -2.41     1.45

DEGREE DAYS
 HEATING
  YESTERDAY        9                        12     -3        6
  MONTH TO DATE   71                       159    -88      133
  SINCE JUN 1     71                       159    -88      133
  SINCE JUL 1   9632                     10238   -606    10851

 COOLING
  YESTERDAY        0                         0      0        0
  MONTH TO DATE    4                         0      4        0
  SINCE JUN 1      4                         0      4        0
  SINCE JAN 1      4                         0      4        0
...................................................................


WIND (MPH)
  HIGHEST WIND SPEED    18   HIGHEST WIND DIRECTION     W (270)
  HIGHEST GUST SPEED    27   HIGHEST GUST DIRECTION     W (290)
  AVERAGE WIND SPEED     7.4


SKY COVER
  POSSIBLE SUNSHINE  MM
  AVERAGE SKY COVER 0.0


WEATHER CONDITIONS
THE FOLLOWING WEATHER WAS RECORDED YESTERDAY.
  NO SIGNIFICANT WEATHER WAS OBSERVED.


RELATIVE HUMIDITY (PERCENT)
 HIGHEST    58           5:00 AM
 LOWEST      9           3:00 PM
 AVERAGE    34

..........................................................


THE BIG PINEY  WY CLIMATE NORMALS FOR TODAY
                         NORMAL    RECORD    YEAR
 MAXIMUM TEMPERATURE (F)   71        85      2006
                                             2018
 MINIMUM TEMPERATURE (F)   36        24      1976
                                             2001


SUNRISE AND SUNSET
JUNE 13 2021..........SUNRISE   5:42 AM MDT   SUNSET   8:59 PM MDT
JUNE 14 2021..........SUNRISE   5:42 AM MDT   SUNSET   8:59 PM MDT


-  INDICATES NEGATIVE NUMBERS.
R  INDICATES RECORD WAS SET OR TIED.
MM INDICATES DATA IS MISSING.
T  INDICATES TRACE AMOUNT.




$$
