544
CDUS44 KLCH 290819
CLIBPT


CLIMATE REPORT
NATIONAL WEATHER SERVICE LAKE CHARLES, LA
218 AM CST SUN NOV 29 2020


...................................

...THE BEAUMONT PORT ARTHUR CLIMATE SUMMARY FOR NOVEMBER 28 2020...

CLIMATE NORMAL PERIOD 1981 TO 2010
CLIMATE RECORD PERIOD 1901 TO 2020


WEATHER ITEM   OBSERVED TIME   RECORD YEAR NORMAL DEPARTURE LAST
                VALUE   (LST)  VALUE       VALUE  FROM      YEAR
                                                  NORMAL
..................................................................
TEMPERATURE (F)
 YESTERDAY
  MAXIMUM         65    145 AM  84    1905  68     -3       73
  MINIMUM         62   1159 PM  28    1992  48     14       61
                                      1976
  AVERAGE         64                        58      6       67

PRECIPITATION (IN)
  YESTERDAY        0.83          1.89 2001   0.15   0.68     0.00
  MONTH TO DATE    3.38                      4.09  -0.71     1.31
  SINCE SEP 1     12.99                     15.64  -2.65    31.76
  SINCE JAN 1     50.54                     54.87  -4.33    84.42

SNOWFALL (IN)
  YESTERDAY        0.0           T    1976   0.0    0.0      0.0
  MONTH TO DATE    0.0                       0.0    0.0      0.0
  SINCE SEP 1      0.0                       0.0    0.0      0.0
  SINCE JUL 1      0.0                       0.0    0.0      0.0
  SNOW DEPTH       0

DEGREE DAYS
 HEATING
  YESTERDAY        1                         8     -7        0
  MONTH TO DATE   41                       143   -102      204
  SINCE SEP 1     69                       177   -108      234
  SINCE JUL 1     69                       177   -108      234

 COOLING
  YESTERDAY        0                         1     -1        2
  MONTH TO DATE   80                        61     19       44
  SINCE SEP 1    749                       685     64      880
  SINCE JAN 1   3147                      2852    295     3343
..................................................................


WIND (MPH)
  HIGHEST WIND SPEED    16   HIGHEST WIND DIRECTION    NE (50)
  HIGHEST GUST SPEED    22   HIGHEST GUST DIRECTION     N (20)
  AVERAGE WIND SPEED     8.1


SKY COVER
  POSSIBLE SUNSHINE  MM
  AVERAGE SKY COVER 1.0


WEATHER CONDITIONS
 THE FOLLOWING WEATHER WAS RECORDED YESTERDAY.
  RAIN
  LIGHT RAIN
  FOG


RELATIVE HUMIDITY (PERCENT)
 HIGHEST   100          1200 AM
 LOWEST     93           200 AM
 AVERAGE    97

..........................................................


THE BEAUMONT PORT ARTHUR CLIMATE NORMALS FOR TODAY
                         NORMAL    RECORD    YEAR
 MAXIMUM TEMPERATURE (F)   67        83      2016
 MINIMUM TEMPERATURE (F)   48        25      1911


SUNRISE AND SUNSET
NOVEMBER 29 2020......SUNRISE   653 AM CST   SUNSET   516 PM CST
NOVEMBER 30 2020......SUNRISE   654 AM CST   SUNSET   516 PM CST


-  INDICATES NEGATIVE NUMBERS.
R  INDICATES RECORD WAS SET OR TIED.
MM INDICATES DATA IS MISSING.
T  INDICATES TRACE AMOUNT.




$$
