000
CDUS43 KDVN 041017
CLIBRL

CLIMATE REPORT
NATIONAL WEATHER SERVICE QUAD CITIES IA IL
417 AM CST FRI DEC 04 2020

...................................

...THE BURLINGTON IA CLIMATE SUMMARY FOR DECEMBER 3 2020...

CLIMATE NORMAL PERIOD 1981 TO 2010
CLIMATE RECORD PERIOD 1897 TO 2020


WEATHER ITEM   OBSERVED TIME   RECORD YEAR NORMAL DEPARTURE LAST
                VALUE   (LST)  VALUE       VALUE  FROM      YEAR
                                                  NORMAL
...................................................................
TEMPERATURE (F)
 YESTERDAY
  MAXIMUM         45    257 PM  72    2012  42      3       50
  MINIMUM         20    512 AM  -4    1942  25     -5       25
  AVERAGE         33                        33      0       38

PRECIPITATION (IN)
  YESTERDAY        0.00          0.67 1947   0.08  -0.08     0.00
  MONTH TO DATE    0.00                      0.24  -0.24     0.02
  SINCE DEC 1      0.00                      0.24  -0.24     0.02
  SINCE JAN 1     28.01                     36.63  -8.62    43.50

DEGREE DAYS
 HEATING
  YESTERDAY       32                        32      0       27
  MONTH TO DATE  104                        94     10       92
  SINCE DEC 1    104                        94     10       92
  SINCE JUL 1   1191                      1167     24     1393

 COOLING
  YESTERDAY        0                         0      0        0
  MONTH TO DATE    0                         0      0        0
  SINCE DEC 1      0                         0      0        0
  SINCE JAN 1   1160                      1207    -47     1236
...................................................................


WIND (MPH)
  HIGHEST WIND SPEED    13   HIGHEST WIND DIRECTION    SW (240)
  HIGHEST GUST SPEED    17   HIGHEST GUST DIRECTION    NW (330)
  AVERAGE WIND SPEED     5.8


SKY COVER
  POSSIBLE SUNSHINE  MM
  AVERAGE SKY COVER 0.0


WEATHER CONDITIONS
THE FOLLOWING WEATHER WAS RECORDED YESTERDAY.
  NO SIGNIFICANT WEATHER WAS OBSERVED.


RELATIVE HUMIDITY (PERCENT)
 HIGHEST    85          1100 PM
 LOWEST     49           400 PM
 AVERAGE    67

..........................................................


THE BURLINGTON IA CLIMATE NORMALS FOR TODAY
                         NORMAL    RECORD    YEAR
 MAXIMUM TEMPERATURE (F)   41        73      1998
 MINIMUM TEMPERATURE (F)   25        -3      1991


SUNRISE AND SUNSET
DECEMBER  4 2020......SUNRISE   713 AM CST   SUNSET   437 PM CST
DECEMBER  5 2020......SUNRISE   714 AM CST   SUNSET   437 PM CST


-  INDICATES NEGATIVE NUMBERS.
R  INDICATES RECORD WAS SET OR TIED.
MM INDICATES DATA IS MISSING.
T  INDICATES TRACE AMOUNT.




$$
