000
CDUS44 KBRO 040738
CLIBRO


CLIMATE REPORT
NATIONAL WEATHER SERVICE BROWNSVILLE TX
134 AM CST FRI DEC 4 2020


...................................

...THE BROWNSVILLE CLIMATE SUMMARY FOR DECEMBER 3 2020...

CLIMATE NORMAL PERIOD 1981 TO 2010
CLIMATE RECORD PERIOD 1878 TO 2020


WEATHER ITEM   OBSERVED TIME   RECORD YEAR NORMAL DEPARTURE LAST
                VALUE   (LST)  VALUE       VALUE  FROM      YEAR
                                                  NORMAL
..................................................................
TEMPERATURE (F)
 YESTERDAY
  MAXIMUM         64   1225 AM  89    1964  74    -10       79
  MINIMUM         51   1159 PM  34    1976  55     -4       48
                                      1897
  AVERAGE         58                        65     -7       64

PRECIPITATION (IN)
  YESTERDAY        T             2.66 1943   0.05  -0.05     0.00
  MONTH TO DATE    T                         0.13  -0.13     0.02
  SINCE DEC 1      T                         0.13  -0.13     0.02
  SINCE JAN 1     20.99                     26.42  -5.43    22.12

SNOWFALL (IN)
  YESTERDAY        0.0
  MONTH TO DATE    0.0
  SINCE DEC 1      0.0
  SINCE JUL 1      0.0
  SNOW DEPTH       0

DEGREE DAYS
 HEATING
  YESTERDAY        7                         4      3        1
  MONTH TO DATE   16                        12      4        5
  SINCE DEC 1     16                        12      4        5
  SINCE JUL 1     32                        66    -34       92

 COOLING
  YESTERDAY        0                         3     -3        0
  MONTH TO DATE    4                        11     -7        5
  SINCE DEC 1      4                        11     -7        5
  SINCE JAN 1   4759                      3956    803     4693
..................................................................


WIND (MPH)
  HIGHEST WIND SPEED    25   HIGHEST WIND DIRECTION     N (340)
  HIGHEST GUST SPEED    35   HIGHEST GUST DIRECTION     N (340)
  AVERAGE WIND SPEED    13.2


SKY COVER
  POSSIBLE SUNSHINE  MM
  AVERAGE SKY COVER 0.7


WEATHER CONDITIONS
 THE FOLLOWING WEATHER WAS RECORDED YESTERDAY.
  LIGHT RAIN


RELATIVE HUMIDITY (PERCENT)
 HIGHEST    41           500 AM
 LOWEST     23           400 PM
 AVERAGE    32

..........................................................


THE BROWNSVILLE CLIMATE NORMALS FOR TODAY
                         NORMAL    RECORD    YEAR
 MAXIMUM TEMPERATURE (F)   74        87      2017
                                             2012
                                             1983
 MINIMUM TEMPERATURE (F)   55        31      1897


SUNRISE AND SUNSET
DECEMBER  4 2020......SUNRISE   702 AM CST   SUNSET   538 PM CST
DECEMBER  5 2020......SUNRISE   703 AM CST   SUNSET   538 PM CST


-  INDICATES NEGATIVE NUMBERS.
R  INDICATES RECORD WAS SET OR TIED.
MM INDICATES DATA IS MISSING.
T  INDICATES TRACE AMOUNT.




$$
