000
CDAK49 PAFG 040957
CLIBRW

CLIMATE REPORT
NATIONAL WEATHER SERVICE FAIRBANKS AK
1257 AM AKST FRI DEC 4 2020


...THE UTQIAGVIK (BARROW) AK CLIMATE SUMMARY FOR DECEMBER 3 2020...

CLIMATE NORMAL PERIOD 1981 TO 2010
CLIMATE RECORD PERIOD 1920 TO 2020


WEATHER ITEM   OBSERVED TIME   RECORD YEAR NORMAL DEPARTURE LAST
                VALUE   (LST)  VALUE       VALUE  FROM      YEAR
                                                  NORMAL
...................................................................
TEMPERATURE (F)
 YESTERDAY
  MAXIMUM         19    927 PM  28    1972   1     18        6
                                      2013
  MINIMUM         11    204 PM -41    1948 -11     22       -1
  AVERAGE         15                        -5     20        3

PRECIPITATION (IN)
  YESTERDAY        0.40R         0.10 1924   0.01   0.39      T
  MONTH TO DATE    0.45                      0.02   0.43     0.03
  SINCE DEC 1      0.45                      0.02   0.43     0.03
  SINCE JAN 1      5.91                      4.41   1.50     9.93

DEGREE DAYS
 HEATING
  YESTERDAY       50                        70    -20       62
  MONTH TO DATE  164                       210    -46      167
  SINCE DEC 1    164                       210    -46      167
  SINCE JUL 1   5259                      6162   -903     4630

 COOLING
  YESTERDAY        0                         0      0        0
  MONTH TO DATE    0                         0      0        0
  SINCE DEC 1      0                         0      0        0
  SINCE JAN 1      0                         0      0        0
...................................................................


WIND (MPH)
  HIGHEST GUST SPEED    28   HIGHEST GUST DIRECTION     W (270)


SKY COVER
  AVERAGE SKY COVER 1.0


WEATHER CONDITIONS
THE FOLLOWING WEATHER WAS RECORDED YESTERDAY.
  LIGHT SNOW
  FOG
  HAZE


RELATIVE HUMIDITY (PERCENT)
 HIGHEST    84
 LOWEST     73
 AVERAGE    79

..........................................................


THE UTQIAGVIK (BARROW) AK CLIMATE NORMALS FOR TODAY
                         NORMAL    RECORD    YEAR
 MAXIMUM TEMPERATURE (F)    1        30      1922
 MINIMUM TEMPERATURE (F)  -11       -42      1948


SUNRISE AND SUNSET
DECEMBER 04 2020......SUN BELOW VISIBLE HORIZON.
DECEMBER 05 2020......SUN BELOW VISIBLE HORIZON.

-  INDICATES NEGATIVE NUMBERS.
R  INDICATES RECORD WAS SET OR TIED.
MM INDICATES DATA IS MISSING.
T  INDICATES TRACE AMOUNT.

&&

----------------------------
AVAILABLE DAYLIGHT

AMOUNT OF DAYLIGHT TODAY  (HOUR:MIN)........0:00
GAIN/LOSS SINCE YESTERDAY (HOUR:MIN:SEC)....+0:00:00
----------------------------

$$
DEC 20
