000
CDUS43 KGRR 040525
CLIBTL

CLIMATE REPORT
NATIONAL WEATHER SERVICE GRAND RAPIDS, MICHIGAN
1225 AM EST FRI DEC 04 2020

...................................

...THE BATTLE CREEK CLIMATE SUMMARY FOR DECEMBER 3 2020...

CLIMATE NORMAL PERIOD: 1981 TO 2010
CLIMATE RECORD PERIOD: 1895 TO 2020


WEATHER ITEM   OBSERVED TIME   NORMAL DEPARTURE LAST
                VALUE   (LST)  VALUE  FROM      YEAR
                                      NORMAL
.......................................................
TEMPERATURE (F)
 YESTERDAY
  MAXIMUM         47   2:55 PM  39      8       35
  MINIMUM         30   8:12 AM  24      6       29
  AVERAGE         39            32      7       32

PRECIPITATION (IN)
  YESTERDAY        0.00          0.07  -0.07      T
  MONTH TO DATE    0.00          0.21  -0.21     0.42
  SINCE DEC 1      0.00          0.21  -0.21     0.42
  SINCE JAN 1     30.69         31.37  -0.68    35.41

DEGREE DAYS
 HEATING
  YESTERDAY       26            33     -7       33
  MONTH TO DATE   82            99    -17       95
  SINCE DEC 1     82            99    -17       95
  SINCE JUL 1   1297          1537   -240     1480

 COOLING
  YESTERDAY        0             0      0        0
  MONTH TO DATE    0             0      0        0
  SINCE DEC 1      0             0      0        0
  SINCE JAN 1    868           578    290      783
.......................................................


WIND (MPH)
  RESULTANT WIND SPEED  13   RESULTANT WIND DIRECTION  SW (240)
  HIGHEST WIND SPEED    24   HIGHEST WIND DIRECTION     W (260)
  HIGHEST GUST SPEED    35   HIGHEST GUST DIRECTION     W (270)
  AVERAGE WIND SPEED    13.6


SKY COVER
  AVERAGE SKY COVER 0.0


WEATHER CONDITIONS
THE FOLLOWING WEATHER WAS RECORDED YESTERDAY.
  NO SIGNIFICANT WEATHER WAS OBSERVED.


RELATIVE HUMIDITY (PERCENT)
 HIGHEST    78           4:00 AM
 LOWEST     44           3:00 PM
 AVERAGE    61

..........................................................


THE BATTLE CREEK CLIMATE NORMALS FOR TODAY
                         NORMAL




SUNRISE AND SUNSET
DECEMBER  4 2020......SUNRISE   7:54 AM EST   SUNSET   5:09 PM EST
DECEMBER  5 2020......SUNRISE   7:55 AM EST   SUNSET   5:09 PM EST


-  INDICATES NEGATIVE NUMBERS.
R  INDICATES RECORD WAS SET OR TIED.
MM INDICATES DATA IS MISSING.
T  INDICATES TRACE AMOUNT.




$$
