000
CDUS44 KLIX 040850
CLIBTR

CLIMATE REPORT
NATIONAL WEATHER SERVICE NEW ORLEANS
250 AM CST FRI DEC 04 2020

...................................

...THE BATON ROUGE   CLIMATE SUMMARY FOR DECEMBER 3 2020...

CLIMATE NORMAL PERIOD: 1981 TO 2010
CLIMATE RECORD PERIOD: 1894 TO 2020


WEATHER ITEM   OBSERVED TIME   RECORD YEAR NORMAL DEPARTURE LAST
                VALUE   (LST)  VALUE       VALUE  FROM      YEAR
                                                  NORMAL
...................................................................
TEMPERATURE (F)
 YESTERDAY
  MAXIMUM         70   1:21 PM  85    1921  67      3       60
  MINIMUM         49   5:56 AM  25    1929  45      4       31
  AVERAGE         60                        56      4       46

PRECIPITATION (IN)
  YESTERDAY        0.48          7.22 1982   0.16   0.32     0.00
  MONTH TO DATE    0.48                      0.49  M0.01     0.03
  SINCE DEC 1      0.48                      0.49  M0.01     0.03
  SINCE JAN 1     64.18                     55.54   8.64    61.31

SNOWFALL (IN)
  YESTERDAY       MM
  MONTH TO DATE    0.0
  SINCE DEC 1      0.0
  SINCE JUL 1      0.0
  SNOW DEPTH      MM

DEGREE DAYS
 HEATING
  YESTERDAY        5                        10     M5       19
  MONTH TO DATE   42                        30     12       39
  SINCE DEC 1     42                        30     12       39
  SINCE JUL 1    167                       265    M98      323

 COOLING
  YESTERDAY        0                         1     M1        0
  MONTH TO DATE    0                         3     M3        0
  SINCE DEC 1      0                         3     M3        0
  SINCE JAN 1   3083                      2804    279     3140
...................................................................


WIND (MPH)
  HIGHEST WIND SPEED    14   HIGHEST WIND DIRECTION     N (340)
  HIGHEST GUST SPEED    21   HIGHEST GUST DIRECTION     N (350)
  AVERAGE WIND SPEED     7.2


SKY COVER
  POSSIBLE SUNSHINE  MM
  AVERAGE SKY COVER 0.8


WEATHER CONDITIONS
THE FOLLOWING WEATHER WAS RECORDED YESTERDAY.
  HEAVY RAIN
  RAIN
  LIGHT RAIN
  FOG


RELATIVE HUMIDITY (PERCENT)
 HIGHEST    93           8:00 PM
 LOWEST     58           1:00 AM
 AVERAGE    76

..........................................................


THE BATON ROUGE   CLIMATE NORMALS FOR TODAY
                         NORMAL    RECORD    YEAR
 MAXIMUM TEMPERATURE (F)   66        83      1904
 MINIMUM TEMPERATURE (F)   44        26      1895
                                             1908
                                             1929


SUNRISE AND SUNSET
DECEMBER  4 2020......SUNRISE   6:47 AM CST   SUNSET   5:03 PM CST
DECEMBER  5 2020......SUNRISE   6:48 AM CST   SUNSET   5:03 PM CST


M  INDICATES NEGATIVE NUMBERS.
R  INDICATES RECORD WAS SET OR TIED.
MM INDICATES DATA IS MISSING.
T  INDICATES TRACE AMOUNT.




$$
