000
CDUS41 KBUF 260811
CLIBUF


CLIMATE REPORT
NATIONAL WEATHER SERVICE BUFFALO NY
310 AM EST THU NOV 26 2020


...................................

...THE BUFFALO NY CLIMATE SUMMARY FOR NOVEMBER 25 2020...

CLIMATE NORMAL PERIOD 1981 TO 2010
CLIMATE RECORD PERIOD 1871 TO 2020


WEATHER ITEM   OBSERVED TIME   RECORD YEAR NORMAL DEPARTURE LAST
                VALUE   (LST)  VALUE       VALUE  FROM      YEAR
                                                  NORMAL
..................................................................
TEMPERATURE (F)
 YESTERDAY
  MAXIMUM         52    124 PM  67    1908  44      8       49
  MINIMUM         37    233 AM  12    1884  31      6       41
  AVERAGE         45                        37      8       45

PRECIPITATION (IN)
  YESTERDAY        0.20          1.07 1987   0.13   0.07      T
  MONTH TO DATE    1.89                      3.35  -1.46     1.71
  SINCE SEP 1      8.89                     10.77  -1.88    13.82
  SINCE JAN 1     33.79                     35.93  -2.14    42.19

SNOWFALL (IN)
  YESTERDAY        0.0          10.2  2005   0.4   -0.4      0.0
  MONTH TO DATE    0.8                       5.7   -4.9     12.6
  SINCE SEP 1      0.8                       6.6   -5.8     12.6
  SINCE JUL 1      0.8                       6.6   -5.8     12.6
  SNOW DEPTH       0

DEGREE DAYS
 HEATING
  YESTERDAY       20                        28     -8       20
  MONTH TO DATE  448                       585   -137      738
  SINCE SEP 1    954                      1163   -209     1169
  SINCE JUL 1    954                      1190   -236     1172

 COOLING
  YESTERDAY        0                         0      0        0
  MONTH TO DATE    1                         0      1        0
  SINCE SEP 1     93                        57     36       59
  SINCE JAN 1    949                       544    405      604
..................................................................


WIND (MPH)
  HIGHEST WIND SPEED    16   HIGHEST WIND DIRECTION     S (200)
  HIGHEST GUST SPEED    22   HIGHEST GUST DIRECTION     S (200)
  AVERAGE WIND SPEED     9.1


SKY COVER
  AVERAGE SKY COVER 1.0


WEATHER CONDITIONS
 THE FOLLOWING WEATHER WAS RECORDED YESTERDAY.
  LIGHT RAIN
  LIGHT SNOW
  FOG


RELATIVE HUMIDITY (PERCENT)
 HIGHEST    93           600 PM
 LOWEST     52          1200 PM
 AVERAGE    73

..........................................................


THE BUFFALO NY CLIMATE NORMALS FOR TODAY
                         NORMAL    RECORD    YEAR
 MAXIMUM TEMPERATURE (F)   43        68      1896
 MINIMUM TEMPERATURE (F)   31         6      1880


SUNRISE AND SUNSET
NOVEMBER 26 2020......SUNRISE   721 AM EST   SUNSET   443 PM EST
NOVEMBER 27 2020......SUNRISE   722 AM EST   SUNSET   443 PM EST


-  INDICATES NEGATIVE NUMBERS.
R  INDICATES RECORD WAS SET OR TIED.
MM INDICATES DATA IS MISSING.
T  INDICATES TRACE AMOUNT.




$$
