000
CDUS46 KLOX 260917
CLIBUR


CLIMATE REPORT
NATIONAL WEATHER SERVICE LOS ANGELES/OXNARD CA
116 AM PST THU NOV 26 2020


...................................

...THE BOB HOPE AIRPORT (BURBANK) CA CLIMATE SUMMARY FOR NOVEMBER 25 2020...

CLIMATE NORMAL PERIOD 1981 TO 2010
CLIMATE RECORD PERIOD 1939 TO 2020


WEATHER ITEM   OBSERVED TIME   RECORD YEAR NORMAL DEPARTURE LAST
                VALUE   (LST)  VALUE       VALUE  FROM      YEAR
                                                  NORMAL
..................................................................
TEMPERATURE (F)
 YESTERDAY
  MAXIMUM         67    156 PM  95    1977  70     -3       71
  MINIMUM         45    707 AM  35    1952  43      2       45
                                      1945
  AVERAGE         56                        57     -1       58

PRECIPITATION (IN)
  YESTERDAY        0.00          1.03 1985   0.05  -0.05     0.00
  MONTH TO DATE    0.06                      0.84  -0.78     0.33
  SINCE OCT 1      0.06                      1.81  -1.75     0.33
  SINCE JAN 1      8.32                     14.68  -6.36    15.32

SNOWFALL (IN)
  YESTERDAY        0.0
  MONTH TO DATE    0.0
  SINCE SEP 1      0.0
  SINCE JUL 1      0.0

DEGREE DAYS
 HEATING
  YESTERDAY        9                         8      1        7
  MONTH TO DATE  114                       134    -20       53
  SINCE SEP 1    120                       183    -63       78
  SINCE JUL 1    120                       183    -63       78

 COOLING
  YESTERDAY        0                         0      0        0
  MONTH TO DATE   45                        12     33       43
  SINCE SEP 1    705                       361    344      521
  SINCE JAN 1   1947                      1243    704     1457
..................................................................


WIND (MPH)
  HIGHEST WIND SPEED    10   HIGHEST WIND DIRECTION     S (180)
  HIGHEST GUST SPEED    13   HIGHEST GUST DIRECTION     S (190)
  AVERAGE WIND SPEED     3.2


SKY COVER
  POSSIBLE SUNSHINE  MM
  AVERAGE SKY COVER 0.0


WEATHER CONDITIONS
 THE FOLLOWING WEATHER WAS RECORDED YESTERDAY.
  HAZE


RELATIVE HUMIDITY (PERCENT)
 HIGHEST    89           900 PM
 LOWEST     44          1000 AM
 AVERAGE    67

..........................................................


THE BOB HOPE AIRPORT (BURBANK) CA CLIMATE NORMALS FOR TODAY
                         NORMAL    RECORD    YEAR
 MAXIMUM TEMPERATURE (F)   70        89      1977
 MINIMUM TEMPERATURE (F)   43        34      1978
                                             1941


SUNRISE AND SUNSET
NOVEMBER 26 2020......SUNRISE   637 AM PST   SUNSET   445 PM PST
NOVEMBER 27 2020......SUNRISE   638 AM PST   SUNSET   444 PM PST


-  INDICATES NEGATIVE NUMBERS.
R  INDICATES RECORD WAS SET OR TIED.
MM INDICATES DATA IS MISSING.
T  INDICATES TRACE AMOUNT.




$$
