000
CDUS43 KLMK 290631
CLIBWG


CLIMATE REPORT
NATIONAL WEATHER SERVICE LOUISVILLE KY
131 AM EST SUN NOV 29 2020


...................................

...THE BOWLING GREEN KY CLIMATE SUMMARY FOR NOVEMBER 28 2020...

CLIMATE NORMAL PERIOD 1981 TO 2010
CLIMATE RECORD PERIOD 1870 TO 2020


WEATHER ITEM   OBSERVED TIME   RECORD YEAR NORMAL DEPARTURE LAST
                VALUE   (LST)  VALUE       VALUE  FROM      YEAR
                                                  NORMAL
..................................................................
TEMPERATURE (F)
 YESTERDAY
  MAXIMUM         53    320 PM  76    1927  54     -1       46
                                      1909
  MINIMUM         33   1131 PM   0    1887  34     -1       31
  AVERAGE         43                        44     -1       39

PRECIPITATION (IN)
  YESTERDAY        0.00          1.63 1905   0.16  -0.16     0.01
  MONTH TO DATE    1.10                      3.90  -2.80     4.16
  SINCE SEP 1      6.65                     11.21  -4.56    11.41
  SINCE JAN 1     50.59                     44.77   5.82    54.41

SNOWFALL (IN)
  YESTERDAY        0.0           1.0  1976   0.0    0.0      0.0
  MONTH TO DATE    0.0                       0.1   -0.1      1.3
  SINCE SEP 1      0.0                       0.1   -0.1      1.3
  SINCE JUL 1      0.0                       0.1   -0.1      1.3
  SNOW DEPTH       0

DEGREE DAYS
 HEATING
  YESTERDAY       22                        21      1       26
  MONTH TO DATE  355                       456   -101      613
  SINCE SEP 1    569                       718   -149      800
  SINCE JUL 1    569                       719   -150      800

 COOLING
  YESTERDAY        0                         0      0        0
  MONTH TO DATE    7                         0      7        0
  SINCE SEP 1    237                       219     18      483
  SINCE JAN 1   1638                      1488    150     1959
..................................................................


WIND (MPH)
  HIGHEST WIND SPEED     7   HIGHEST WIND DIRECTION     E (80)
  HIGHEST GUST SPEED    13   HIGHEST GUST DIRECTION     N (340)
  AVERAGE WIND SPEED     1.5


SKY COVER
  POSSIBLE SUNSHINE  MM
  AVERAGE SKY COVER 0.1


WEATHER CONDITIONS
 THE FOLLOWING WEATHER WAS RECORDED YESTERDAY.
  FOG


RELATIVE HUMIDITY (PERCENT)
 HIGHEST    85           600 AM
 LOWEST     41           200 PM
 AVERAGE    63

..........................................................


THE BOWLING GREEN KY CLIMATE NORMALS FOR TODAY
                         NORMAL    RECORD    YEAR
 MAXIMUM TEMPERATURE (F)   53        77      1927
 MINIMUM TEMPERATURE (F)   33         9      1887


SUNRISE AND SUNSET
NOVEMBER 29 2020......SUNRISE   639 AM CST   SUNSET   429 PM CST
NOVEMBER 30 2020......SUNRISE   640 AM CST   SUNSET   429 PM CST


-  INDICATES NEGATIVE NUMBERS.
R  INDICATES RECORD WAS SET OR TIED.
MM INDICATES DATA IS MISSING.
T  INDICATES TRACE AMOUNT.




$$
