000
CDUS41 KLWX 260526
CLIBWI

CLIMATE REPORT
NATIONAL WEATHER SERVICE BALTIMORE MD/WASHINGTON DC
1226 AM EST THU NOV 26 2020

...................................

...THE BALTIMORE MD CLIMATE SUMMARY FOR NOVEMBER 25 2020...

CLIMATE NORMAL PERIOD: 1981 TO 2010
CLIMATE RECORD PERIOD: 1871 TO 2020


WEATHER ITEM   OBSERVED TIME   RECORD YEAR NORMAL DEPARTURE LAST
                VALUE   (LST)  VALUE       VALUE  FROM      YEAR
                                                  NORMAL
...................................................................
TEMPERATURE (F)
 YESTERDAY
  MAXIMUM         58   2:36 PM  75    1973  53      5       59
  MINIMUM         43   7:43 AM  18    1950  34      9       34
                                      1956
  AVERAGE         51                        43      8       47

PRECIPITATION (IN)
  YESTERDAY        0.01          2.02 1964   0.11  -0.10     0.00
  MONTH TO DATE    3.53                      2.73   0.80     1.09
  SINCE SEP 1     12.37                     10.09   2.28     7.46
  SINCE JAN 1     49.98                     37.94  12.04    34.55

SNOWFALL (IN)
  YESTERDAY        0.0           3.5  1938   0.0    0.0      0.0
  MONTH TO DATE    0.0                       0.2   -0.2       T
  SINCE SEP 1      0.0                       0.2   -0.2       T
  SINCE JUL 1      0.0                       0.2   -0.2       T
  SNOW DEPTH       0

DEGREE DAYS
 HEATING
  YESTERDAY       14                        22     -8       18
  MONTH TO DATE  309                       443   -134      518
  SINCE SEP 1    526                       789   -263      664
  SINCE JUL 1    526                       790   -264      664

 COOLING
  YESTERDAY        0                         0      0        0
  MONTH TO DATE    0                         0      0        0
  SINCE SEP 1    183                       153     30      336
  SINCE JAN 1   1568                      1163    405     1758
...................................................................


WIND (MPH)
  HIGHEST WIND SPEED    18   HIGHEST WIND DIRECTION    SW (230)
  HIGHEST GUST SPEED    32   HIGHEST GUST DIRECTION     S (190)
  AVERAGE WIND SPEED     5.4


SKY COVER
  AVERAGE SKY COVER 0.9


WEATHER CONDITIONS
THE FOLLOWING WEATHER WAS RECORDED YESTERDAY.
  LIGHT RAIN


RELATIVE HUMIDITY (PERCENT)
 HIGHEST    86          11:00 PM
 LOWEST     43          12:00 PM
 AVERAGE    65

..........................................................


THE BALTIMORE MD CLIMATE NORMALS FOR TODAY
                         NORMAL    RECORD    YEAR
 MAXIMUM TEMPERATURE (F)   52        72      1979
 MINIMUM TEMPERATURE (F)   34        15      1950


SUNRISE AND SUNSET
NOVEMBER 26 2020......SUNRISE   7:02 AM EST   SUNSET   4:46 PM EST
NOVEMBER 27 2020......SUNRISE   7:03 AM EST   SUNSET   4:45 PM EST


-  INDICATES NEGATIVE NUMBERS.
R  INDICATES RECORD WAS SET OR TIED.
MM INDICATES DATA IS MISSING.
T  INDICATES TRACE AMOUNT.




$$
