000
CDUS45 KRIW 260828
CLIBYG

CLIMATE REPORT
NATIONAL WEATHER SERVICE RIVERTON WY
128 AM MST THU NOV 26 2020

...................................

...THE BUFFALO WY CLIMATE SUMMARY FOR NOVEMBER 25 2020...

CLIMATE NORMAL PERIOD: 1981 TO 2010
CLIMATE RECORD PERIOD: 1998 TO 2020


WEATHER ITEM   OBSERVED TIME   RECORD YEAR NORMAL DEPARTURE LAST
                VALUE   (LST)  VALUE       VALUE  FROM      YEAR
                                                  NORMAL
...................................................................
TEMPERATURE (F)
 YESTERDAY
  MAXIMUM         50  12:47 PM  57    2008  40     10       36
  MINIMUM         23   6:45 AM   0    2010  19      4       24
  AVERAGE         37                        30      7       30

PRECIPITATION (IN)
  YESTERDAY        0.00          0.52 2012   0.02  -0.02     0.11
  MONTH TO DATE    T                         0.45  -0.45     0.49
  SINCE SEP 1      1.91                      2.69  -0.78     3.74
  SINCE JAN 1      7.23                     12.96  -5.73    17.40

DEGREE DAYS
 HEATING
  YESTERDAY       28                        35     -7       35
  MONTH TO DATE  609                       745   -136      732
  SINCE SEP 1   1437                      1586   -149     1803
  SINCE JUL 1   1460                      1651   -191     1845

 COOLING
  YESTERDAY        0                         0      0        0
  MONTH TO DATE    0                         0      0        0
  SINCE SEP 1     78                        46     32       68
  SINCE JAN 1    711                       492    219      373
...................................................................


WIND (MPH)
  HIGHEST WIND SPEED    24   HIGHEST WIND DIRECTION    NW (330)
  HIGHEST GUST SPEED    31   HIGHEST GUST DIRECTION     N (340)
  AVERAGE WIND SPEED     8.3


SKY COVER
  POSSIBLE SUNSHINE  MM
  AVERAGE SKY COVER 0.3


WEATHER CONDITIONS
THE FOLLOWING WEATHER WAS RECORDED YESTERDAY.
  NO SIGNIFICANT WEATHER WAS OBSERVED.


RELATIVE HUMIDITY (PERCENT)
 HIGHEST    89          11:00 PM
 LOWEST     24           1:00 PM
 AVERAGE    57

..........................................................


THE BUFFALO WY CLIMATE NORMALS FOR TODAY
                         NORMAL    RECORD    YEAR
 MAXIMUM TEMPERATURE (F)   40        72      2017
 MINIMUM TEMPERATURE (F)   19         3      2015


SUNRISE AND SUNSET
NOVEMBER 26 2020......SUNRISE   7:18 AM MST   SUNSET   4:31 PM MST
NOVEMBER 27 2020......SUNRISE   7:19 AM MST   SUNSET   4:30 PM MST


-  INDICATES NEGATIVE NUMBERS.
R  INDICATES RECORD WAS SET OR TIED.
MM INDICATES DATA IS MISSING.
T  INDICATES TRACE AMOUNT.




$$
