000
CDUS45 KPIH 290734
CLIBYI


CLIMATE REPORT
NATIONAL WEATHER SERVICE POCATELLO ID
1233 AM MST SUN NOV 29 2020


...................................

...THE BURLEY ID CLIMATE SUMMARY FOR NOVEMBER 28 2020...

CLIMATE NORMAL PERIOD 1981 TO 2010
CLIMATE RECORD PERIOD 1917 TO 2020


WEATHER ITEM   OBSERVED TIME   RECORD YEAR NORMAL DEPARTURE LAST
                VALUE   (LST)  VALUE       VALUE  FROM      YEAR
                                                  NORMAL
..................................................................
TEMPERATURE (F)
 YESTERDAY
  MAXIMUM         44    316 PM  63    1932  39      5       42
  MINIMUM         21    604 AM -11    1919  22     -1       20
  AVERAGE         33                        30      3       31

PRECIPITATION (IN)
  YESTERDAY        0.00          0.33 1975   0.03  -0.03      T
  MONTH TO DATE    1.27                      0.87   0.40     0.05
  SINCE OCT 1      1.61                      1.63  -0.02     0.30
  SINCE JAN 1      7.63                      8.94  -1.31     9.19

SNOWFALL (IN)
  YESTERDAY       MM
  MONTH TO DATE   MM
  SINCE SEP 1     MM
  SINCE JUL 1     MM
  SNOW DEPTH      MM

DEGREE DAYS
 HEATING
  YESTERDAY       32                        35     -3       34
  MONTH TO DATE  723                       810    -87      743
  SINCE SEP 1   1278                      1561   -283     1653
  SINCE JUL 1   1291                      1618   -327     1674

 COOLING
  YESTERDAY        0                         0      0        0
  MONTH TO DATE    0                         0      0        0
  SINCE SEP 1     39                        21     18       50
  SINCE JAN 1    579                       365    214      416
..................................................................


WIND (MPH)
  HIGHEST WIND SPEED    17   HIGHEST WIND DIRECTION    NE (60)
  HIGHEST GUST SPEED    24   HIGHEST GUST DIRECTION    NE (60)
  AVERAGE WIND SPEED     6.7


SKY COVER
  POSSIBLE SUNSHINE  MM
  AVERAGE SKY COVER 0.1


WEATHER CONDITIONS
 THE FOLLOWING WEATHER WAS RECORDED YESTERDAY.
  FOG


RELATIVE HUMIDITY (PERCENT)
 HIGHEST    92           600 AM
 LOWEST     45           300 PM
 AVERAGE    69

..........................................................


THE BURLEY ID CLIMATE NORMALS FOR TODAY
                         NORMAL    RECORD    YEAR
 MAXIMUM TEMPERATURE (F)   39        61      1995
                                             1932
 MINIMUM TEMPERATURE (F)   21        -6      2015


SUNRISE AND SUNSET
NOVEMBER 29 2020......SUNRISE   744 AM MST   SUNSET   503 PM MST
NOVEMBER 30 2020......SUNRISE   745 AM MST   SUNSET   503 PM MST


-  INDICATES NEGATIVE NUMBERS.
R  INDICATES RECORD WAS SET OR TIED.
MM INDICATES DATA IS MISSING.
T  INDICATES TRACE AMOUNT.




$$
