000
CDUS45 KTFX 260841
CLIBZN

CLIMATE REPORT
NATIONAL WEATHER SERVICE GREAT FALLS MT
141 AM MST THU NOV 26 2020

...................................

...THE BOZEMAN/GALLATIN FIELD MT CLIMATE SUMMARY FOR NOVEMBER 25 2020...

CLIMATE NORMAL PERIOD 1981 TO 2010
CLIMATE RECORD PERIOD 1935 TO 2020


WEATHER ITEM   OBSERVED TIME   RECORD YEAR NORMAL DEPARTURE LAST
                VALUE   (LST)  VALUE       VALUE  FROM      YEAR
                                                  NORMAL
...................................................................
TEMPERATURE (F)
 YESTERDAY
  MAXIMUM         37    247 PM  64    1960  39     -2       36
  MINIMUM         16   1159 PM -24    1993  15      1       16
  AVERAGE         27                        27      0       26

PRECIPITATION (IN)
  YESTERDAY        T             0.45 1997   0.02  -0.02      T
  MONTH TO DATE    0.27                      0.65  -0.38     0.42
  SINCE OCT 1      1.38                      1.75  -0.37     1.25
  SINCE JAN 1      9.97                     13.36  -3.39    14.67

SNOWFALL (IN)
  YESTERDAY        T             3.0  1968   0.2   -0.2      0.1
                                      2014
  MONTH TO DATE    9.2                       4.1    5.1      1.1
  SINCE SEP 1     19.2                       6.3   12.9      9.2
  SINCE JUL 1     19.2                       6.3   12.9      9.2
  SNOW DEPTH       0

DEGREE DAYS
 HEATING
  YESTERDAY       38                        38      0       39
  MONTH TO DATE  798                       786     12      801
  SINCE SEP 1   1794                      1616    178     2001
  SINCE JUL 1   1867                      1683    184     2088

 COOLING
  YESTERDAY        0                         0      0        0
  MONTH TO DATE    0                         0      0        0
  SINCE SEP 1     14                        22     -8       28
  SINCE JAN 1    233                       368   -135      179
...................................................................


WIND (MPH)
  HIGHEST WIND SPEED    15   HIGHEST WIND DIRECTION     E (70)
  HIGHEST GUST SPEED    19   HIGHEST GUST DIRECTION     E (70)
  AVERAGE WIND SPEED     4.7


SKY COVER
  AVERAGE SKY COVER 0.5


WEATHER CONDITIONS
THE FOLLOWING WEATHER WAS RECORDED YESTERDAY.
  LIGHT SNOW
  FOG


RELATIVE HUMIDITY (PERCENT)
 HIGHEST    89           500 PM
 LOWEST     56           800 PM
 AVERAGE    73

..........................................................


THE BOZEMAN/GALLATIN FIELD MT CLIMATE NORMALS FOR TODAY
                         NORMAL    RECORD    YEAR
 MAXIMUM TEMPERATURE (F)   38        63      1998
 MINIMUM TEMPERATURE (F)   15       -25      1985


SUNRISE AND SUNSET
NOVEMBER 26 2020......SUNRISE   740 AM MST   SUNSET   444 PM MST
NOVEMBER 27 2020......SUNRISE   741 AM MST   SUNSET   443 PM MST


-  INDICATES NEGATIVE NUMBERS.
R  INDICATES RECORD WAS SET OR TIED.
MM INDICATES DATA IS MISSING.
T  INDICATES TRACE AMOUNT.




$$
