429
CDUS42 KCAE 290620
CLICAE


CLIMATE REPORT
NATIONAL WEATHER SERVICE COLUMBIA SC
120 AM EST SUN NOV 29 2020


...................................

...THE COLUMBIA METRO AIRPORT SC CLIMATE SUMMARY FOR NOVEMBER 28 2020...

CLIMATE NORMAL PERIOD 1981 TO 2010
CLIMATE RECORD PERIOD 1887 TO 2020


WEATHER ITEM   OBSERVED TIME   RECORD YEAR NORMAL DEPARTURE LAST
                VALUE   (LST)  VALUE       VALUE  FROM      YEAR
                                                  NORMAL
..................................................................
TEMPERATURE (F)
 YESTERDAY
  MAXIMUM         60    239 PM  80    1985  63     -3       71
                                      1960
  MINIMUM         48   1159 PM  22    1956  39      9       42
                                      1936
                                      1903
  AVERAGE         54                        51      3       57

PRECIPITATION (IN)
  YESTERDAY        0.27          1.84 1934   0.10   0.17     0.00
  MONTH TO DATE    2.62                      2.55   0.07     3.00
  SINCE SEP 1      8.06                      9.26  -1.20     7.31
  SINCE JAN 1     51.98                     41.18  10.80    32.95

SNOWFALL (IN)
  YESTERDAY        0.0          MM      MM   0.0             0.0
  MONTH TO DATE    0.0                       0.0             0.0
  SINCE SEP 1      0.0                       0.0             0.0
  SINCE JUL 1      0.0                       0.0             0.0

DEGREE DAYS
 HEATING
  YESTERDAY       11                        14     -3        8
  MONTH TO DATE  192                       291    -99      383
  SINCE SEP 1    227                       411   -184      419
  SINCE JUL 1    227                       411   -184      419

 COOLING
  YESTERDAY        0                         0      0        0
  MONTH TO DATE   61                        14     47        0
  SINCE SEP 1    511                       398    113      689
  SINCE JAN 1   2380                      2166    214     2723
..................................................................


WIND (MPH)
  HIGHEST WIND SPEED    21   HIGHEST WIND DIRECTION     W (280)
  HIGHEST GUST SPEED    25   HIGHEST GUST DIRECTION     W (290)
  AVERAGE WIND SPEED     3.3


SKY COVER
  AVERAGE SKY COVER 0.9


WEATHER CONDITIONS
 THE FOLLOWING WEATHER WAS RECORDED YESTERDAY.
  RAIN
  LIGHT RAIN
  FOG
  FOG W/VISIBILITY <= 1/4 MILE


RELATIVE HUMIDITY (PERCENT)
 HIGHEST   100           800 PM
 LOWEST     75           200 PM
 AVERAGE    88

..........................................................


THE COLUMBIA METRO AIRPORT SC CLIMATE NORMALS FOR TODAY
                         NORMAL    RECORD    YEAR
 MAXIMUM TEMPERATURE (F)   63        80      2001
 MINIMUM TEMPERATURE (F)   39        22      1955


SUNRISE AND SUNSET
NOVEMBER 29 2020......SUNRISE   710 AM EST   SUNSET   516 PM EST
NOVEMBER 30 2020......SUNRISE   711 AM EST   SUNSET   515 PM EST


-  INDICATES NEGATIVE NUMBERS.
R  INDICATES RECORD WAS SET OR TIED.
MM INDICATES DATA IS MISSING.
T  INDICATES TRACE AMOUNT.




$$
