000
CDUS45 KGJT 280725
CLICAG

CLIMATE REPORT
NATIONAL WEATHER SERVICE GRAND JUNCTION CO
1225 AM MST SAT NOV 28 2020

...................................

...THE CRAIG CO CLIMATE SUMMARY FOR NOVEMBER 27 2020...

CLIMATE NORMAL PERIOD 1981 TO 2010
CLIMATE RECORD PERIOD 9999 TO 9999


WEATHER ITEM   OBSERVED TIME   RECORD YEAR NORMAL DEPARTURE LAST
                VALUE   (LST)  VALUE       VALUE  FROM      YEAR
                                                  NORMAL
...................................................................
TEMPERATURE (F)
 YESTERDAY
  MAXIMUM         34    334 PM  MM      MM  37     -3       36
  MINIMUM          0    644 AM  MM      MM  13    -13       -7
  AVERAGE         17                        25     -8       15

PRECIPITATION (IN)
  YESTERDAY        0.00         MM      MM   0.05  -0.05     0.00
  MONTH TO DATE    0.45                      1.34  -0.89     0.89
  SINCE SEP 1      1.17                      4.89  -3.72     2.68
  SINCE JAN 1      8.59                     14.95  -6.36    13.69

SNOWFALL (IN)
  YESTERDAY       MM            MM      MM  MM     MM       MM
  MONTH TO DATE   MM                        MM     MM       MM
  SINCE SEP 1     MM                        MM     MM       MM
  SINCE JUL 1     MM                        MM     MM       MM
  SNOW DEPTH      MM

DEGREE DAYS
 HEATING
  YESTERDAY       48                        40      8       50
  MONTH TO DATE  815                       916   -101      888
  SINCE SEP 1   1815                      1884    -69     1971
  SINCE JUL 1   1829                      1961   -132     1988

 COOLING
  YESTERDAY        0                         0      0        0
  MONTH TO DATE    0                         0      0        0
  SINCE SEP 1      2                         2      0       24
  SINCE JAN 1    268                       142    126      246
...................................................................


WIND (MPH)
  HIGHEST WIND SPEED     8   HIGHEST WIND DIRECTION     S (200)
  HIGHEST GUST SPEED     9   HIGHEST GUST DIRECTION     W (280)
  AVERAGE WIND SPEED     1.2


SKY COVER
  POSSIBLE SUNSHINE  MM
  AVERAGE SKY COVER 0.0


WEATHER CONDITIONS
THE FOLLOWING WEATHER WAS RECORDED YESTERDAY.
  NO SIGNIFICANT WEATHER WAS OBSERVED.


RELATIVE HUMIDITY (PERCENT)
 HIGHEST    91           100 AM
 LOWEST     45           300 PM
 AVERAGE    68

..........................................................


THE CRAIG CO CLIMATE NORMALS FOR TODAY
                         NORMAL    RECORD    YEAR
 MAXIMUM TEMPERATURE (F)   37        MM        MM
 MINIMUM TEMPERATURE (F)   12        MM        MM


SUNRISE AND SUNSET
NOVEMBER 28 2020......SUNRISE   712 AM MST   SUNSET   445 PM MST
NOVEMBER 29 2020......SUNRISE   713 AM MST   SUNSET   444 PM MST


-  INDICATES NEGATIVE NUMBERS.
R  INDICATES RECORD WAS SET OR TIED.
MM INDICATES DATA IS MISSING.
T  INDICATES TRACE AMOUNT.




$$
