000
CDUS45 KGJT 122324
CLICAG

CLIMATE REPORT
NATIONAL WEATHER SERVICE GRAND JUNCTION CO
524 PM MDT SAT JUN 12 2021

...................................

...THE CRAIG CO CLIMATE SUMMARY FOR JUNE 12 2021...
VALID TODAY AS OF 0500 PM LOCAL TIME.

CLIMATE NORMAL PERIOD 1991 TO 2020
CLIMATE RECORD PERIOD 9999 TO 9999


WEATHER ITEM   OBSERVED TIME   RECORD YEAR NORMAL DEPARTURE LAST
                VALUE   (LST)  VALUE       VALUE  FROM      YEAR
                                                  NORMAL
...................................................................
TEMPERATURE (F)
 TODAY
  MAXIMUM         91    350 PM  MM      MM  80     11       88
  MINIMUM         32    351 AM  MM      MM  40     -8       38
  AVERAGE         62                        60      2       63

PRECIPITATION (IN)
  TODAY            0.00         MM      MM   0.04  -0.04     0.00
  MONTH TO DATE    0.02                      0.45  -0.43     0.31
  SINCE JUN 1      0.02                      0.45  -0.43     0.31
  SINCE JAN 1      3.58                      6.54  -2.96     5.81

SNOWFALL (IN)
  TODAY           MM            MM      MM  MM     MM       MM
  MONTH TO DATE   MM                        MM     MM       MM
  SINCE JUN 1     MM                        MM     MM       MM
  SINCE JUL 1     MM                        MM     MM       MM
  SNOW DEPTH      MM

DEGREE DAYS
 HEATING
  TODAY            3                         6     -3        2
  MONTH TO DATE   32                        83    -51       70
  SINCE JUN 1     32                        83    -51       70
  SINCE JUL 1   8233                      8175     58     8612

 COOLING
  TODAY            0                         0      0        0
  MONTH TO DATE    8                         0      8        6
  SINCE JUN 1      8                         0      8        6
  SINCE JAN 1      8                         1      7        7
...................................................................


WIND (MPH)
  HIGHEST WIND SPEED    18   HIGHEST WIND DIRECTION     W (280)
  HIGHEST GUST SPEED    27   HIGHEST GUST DIRECTION     W (290)
  AVERAGE WIND SPEED     2.9


SKY COVER
  POSSIBLE SUNSHINE  MM
  AVERAGE SKY COVER 0.0


WEATHER CONDITIONS
THE FOLLOWING WEATHER WAS RECORDED TODAY.
  NO SIGNIFICANT WEATHER WAS OBSERVED.


RELATIVE HUMIDITY (PERCENT)
 HIGHEST    78           500 AM
 LOWEST      7           400 PM
 AVERAGE    43

..........................................................


THE CRAIG CO CLIMATE NORMALS FOR TOMORROW
                         NORMAL    RECORD    YEAR
 MAXIMUM TEMPERATURE (F)   80        MM        MM
 MINIMUM TEMPERATURE (F)   40        MM        MM


SUNRISE AND SUNSET
JUNE 12 2021..........SUNRISE   539 AM MDT   SUNSET   841 PM MDT
JUNE 13 2021..........SUNRISE   539 AM MDT   SUNSET   842 PM MDT


-  INDICATES NEGATIVE NUMBERS.
R  INDICATES RECORD WAS SET OR TIED.
MM INDICATES DATA IS MISSING.
T  INDICATES TRACE AMOUNT.




$$
