001
CDUS41 KCLE 280729
CLICAK

CLIMATE REPORT
NATIONAL WEATHER SERVICE CLEVELAND, OH
229 AM EST SAT NOV 28 2020

...................................

...THE AKRON CANTON OH CLIMATE SUMMARY FOR NOVEMBER 27 2020...

CLIMATE NORMAL PERIOD 1981 TO 2010
CLIMATE RECORD PERIOD 1887 TO 2020


WEATHER ITEM   OBSERVED TIME   RECORD YEAR NORMAL DEPARTURE LAST
                VALUE   (LST)  VALUE       VALUE  FROM      YEAR
                                                  NORMAL
...................................................................
TEMPERATURE (F)
 YESTERDAY
  MAXIMUM         50    315 PM  71    1990  44      6       59
  MINIMUM         43   1159 PM   7    1930  30     13       37
  AVERAGE         47                        37     10       48

PRECIPITATION (IN)
  YESTERDAY        0.01                      0.11  -0.10     0.26
  MONTH TO DATE    1.89                      2.98  -1.09     1.63
  SINCE SEP 1      9.42                      9.26   0.16     7.05
  SINCE JAN 1     36.68                     36.46   0.22    40.56

SNOWFALL (IN)
  YESTERDAY        0.0                       0.2   -0.2      0.0
  MONTH TO DATE    0.7                       2.5   -1.8      2.7
  SINCE SEP 1      0.7                       2.9   -2.2      2.7
  SINCE JUL 1      0.7                       2.9   -2.2      2.7
  SNOW DEPTH       0

DEGREE DAYS
 HEATING
  YESTERDAY       18                        28    -10       17
  MONTH TO DATE  450                       618   -168      718
  SINCE SEP 1    870                      1153   -283      977
  SINCE JUL 1    870                      1173   -303      977

 COOLING
  YESTERDAY        0                         0      0        0
  MONTH TO DATE    2                         0      2        0
  SINCE SEP 1    106                        70     36      222
  SINCE JAN 1   1057                       652    405     1088
...................................................................


WIND (MPH)
  HIGHEST WIND SPEED    12   HIGHEST WIND DIRECTION    SW (230)
  HIGHEST GUST SPEED    15   HIGHEST GUST DIRECTION    SW (240)
  AVERAGE WIND SPEED     6.4


SKY COVER
  POSSIBLE SUNSHINE  MM
  AVERAGE SKY COVER 1.0


WEATHER CONDITIONS
THE FOLLOWING WEATHER WAS RECORDED YESTERDAY.
  LIGHT RAIN


RELATIVE HUMIDITY (PERCENT)
 HIGHEST    82          1000 PM
 LOWEST     61           300 PM
 AVERAGE    72

..........................................................


THE AKRON CANTON OH CLIMATE NORMALS FOR TODAY
                         NORMAL    RECORD    YEAR
 MAXIMUM TEMPERATURE (F)   44        68      1990
 MINIMUM TEMPERATURE (F)   30         5      1930


SUNRISE AND SUNSET
NOVEMBER 28 2020......SUNRISE   728 AM EST   SUNSET   459 PM EST
NOVEMBER 29 2020......SUNRISE   729 AM EST   SUNSET   459 PM EST


-  INDICATES NEGATIVE NUMBERS.
R  INDICATES RECORD WAS SET OR TIED.
MM INDICATES DATA IS MISSING.
T  INDICATES TRACE AMOUNT.




$$
