000
CDUS41 KCLE 130529
CLICAK

CLIMATE REPORT
NATIONAL WEATHER SERVICE CLEVELAND, OH
129 AM EDT SUN JUN 13 2021

...................................

...THE AKRON CANTON OH CLIMATE SUMMARY FOR JUNE 12 2021...

CLIMATE NORMAL PERIOD 1991 TO 2020
CLIMATE RECORD PERIOD 1887 TO 2021


WEATHER ITEM   OBSERVED TIME   RECORD YEAR NORMAL DEPARTURE LAST
                VALUE   (LST)  VALUE       VALUE  FROM      YEAR
                                                  NORMAL
...................................................................
TEMPERATURE (F)
 YESTERDAY
  MAXIMUM         88    411 PM  91    1961  80      8       75
                                      1967
                                      1984
  MINIMUM         66    524 AM  40    1906  59      7       58
  AVERAGE         77                        69      8       67

PRECIPITATION (IN)
  YESTERDAY        T                         0.15  -0.15     0.00
  MONTH TO DATE    1.86                      1.74   0.12     1.34
  SINCE JUN 1      1.86                      1.74   0.12     1.34
  SINCE JAN 1     14.69                     18.32  -3.63    19.87

SNOWFALL (IN)
  YESTERDAY        0.0                       0.0    0.0      0.0
  MONTH TO DATE    0.0                       0.0    0.0      0.0
  SINCE JUN 1      0.0                       0.0    0.0      0.0
  SINCE JUL 1     48.6                      47.2    1.4     29.3
  SNOW DEPTH       0

DEGREE DAYS
 HEATING
  YESTERDAY        0                         1     -1        0
  MONTH TO DATE    1                        20    -19        7
  SINCE JUN 1      1                        20    -19        7
  SINCE JUL 1   5297                      5690   -393     5206

 COOLING
  YESTERDAY       12                         5      7        2
  MONTH TO DATE  102                        52     50       76
  SINCE JUN 1    102                        52     50       76
  SINCE JAN 1    202                       125     77      146
...................................................................


WIND (MPH)
  HIGHEST WIND SPEED    10   HIGHEST WIND DIRECTION     N (20)
  HIGHEST GUST SPEED    13   HIGHEST GUST DIRECTION     N (10)
  AVERAGE WIND SPEED     4.6


SKY COVER
  POSSIBLE SUNSHINE  MM
  AVERAGE SKY COVER 0.5


WEATHER CONDITIONS
THE FOLLOWING WEATHER WAS RECORDED YESTERDAY.
  LIGHT RAIN
  FOG
  HAZE


RELATIVE HUMIDITY (PERCENT)
 HIGHEST    93           600 AM
 LOWEST     48           500 PM
 AVERAGE    71

..........................................................


THE AKRON CANTON OH CLIMATE NORMALS FOR TODAY
                         NORMAL    RECORD    YEAR
 MAXIMUM TEMPERATURE (F)   80        92      2017
 MINIMUM TEMPERATURE (F)   59        44      1978
                                             1979
                                             1985


SUNRISE AND SUNSET
JUNE 13 2021..........SUNRISE   553 AM EDT   SUNSET   859 PM EDT
JUNE 14 2021..........SUNRISE   553 AM EDT   SUNSET   859 PM EDT


-  INDICATES NEGATIVE NUMBERS.
R  INDICATES RECORD WAS SET OR TIED.
MM INDICATES DATA IS MISSING.
T  INDICATES TRACE AMOUNT.




$$
