614
CDUS45 KABQ 120829
CLICAO

CLIMATE REPORT
NATIONAL WEATHER SERVICE ALBUQUERQUE NM
229 AM MDT SAT JUN 12 2021

...................................

...THE CLAYTON  NM CLIMATE SUMMARY FOR JUNE 11 2021...

CLIMATE NORMAL PERIOD 1991 TO 2020
CLIMATE RECORD PERIOD 1896 TO 2021


WEATHER ITEM   OBSERVED TIME   RECORD YEAR NORMAL DEPARTURE
                VALUE   (LST)  VALUE       VALUE  FROM
                                                  NORMAL
................................................................
TEMPERATURE (F)
 YESTERDAY
  MAXIMUM         86    202 PM 102    2013  85      1
  MINIMUM         60   1155 PM  40    1975  55      5
  AVERAGE         73                        70      3

PRECIPITATION (IN)
  YESTERDAY        0.00          1.07 1951   0.07  -0.07
  MONTH TO DATE    0.38                      0.71  -0.33
  SINCE JUN 1      0.38                      0.71  -0.33
  SINCE JAN 1      5.14                      5.22  -0.08

SNOWFALL (IN)
  YESTERDAY        0.0
  MONTH TO DATE    0.0
  SINCE JUN 1      0.0
  SINCE JUL 1     32.9

DEGREE DAYS
 HEATING
  YESTERDAY        0                         1     -1
  MONTH TO DATE    8                        14     -6
  SINCE JUN 1      8                        14     -6
  SINCE JUL 1   5094                      4845    249

 COOLING
  YESTERDAY        8                         6      2
  MONTH TO DATE   66                        54     12
  SINCE JUN 1     66                        54     12
  SINCE JAN 1    110                       113     -3
................................................................


WIND (MPH)
  HIGHEST WIND SPEED    32   HIGHEST WIND DIRECTION     N (20)
  HIGHEST GUST SPEED    45   HIGHEST GUST DIRECTION     N (10)
  AVERAGE WIND SPEED    15.9


SKY COVER
  AVERAGE SKY COVER 0.0


WEATHER CONDITIONS
THE FOLLOWING WEATHER WAS RECORDED YESTERDAY.
  NO SIGNIFICANT WEATHER WAS OBSERVED.


RELATIVE HUMIDITY (PERCENT)
 HIGHEST    46          1100 PM
 LOWEST     12           600 AM
 AVERAGE    29

..........................................................


THE CLAYTON  NM CLIMATE NORMALS FOR TODAY
                         NORMAL    RECORD    YEAR
 MAXIMUM TEMPERATURE (F)   86       100      1924
 MINIMUM TEMPERATURE (F)   55        41      1947


SUNRISE AND SUNSET
JUNE 12 2021..........SUNRISE   534 AM MDT   SUNSET   811 PM MDT
JUNE 13 2021..........SUNRISE   534 AM MDT   SUNSET   812 PM MDT


-  INDICATES NEGATIVE NUMBERS.
R  INDICATES RECORD WAS SET OR TIED.
MM INDICATES DATA IS MISSING.
T  INDICATES TRACE AMOUNT.




$$
