000
CDUS45 KABQ 280831
CLICAO


CLIMATE REPORT
NATIONAL WEATHER SERVICE ALBUQUERQUE NM
130 AM MST SAT NOV 28 2020


...................................

...THE CLAYTON  NM CLIMATE SUMMARY FOR NOVEMBER 27 2020...

CLIMATE NORMAL PERIOD 1981 TO 2010
CLIMATE RECORD PERIOD 1896 TO 2020


WEATHER ITEM   OBSERVED TIME   RECORD YEAR NORMAL DEPARTURE
                VALUE   (LST)  VALUE       VALUE  FROM
                                                  NORMAL
...............................................................
TEMPERATURE (F)
 YESTERDAY
  MAXIMUM         46    158 PM  80    2017  52     -6
  MINIMUM         26    655 AM -10    1976  25      1
  AVERAGE         36                        38     -2

PRECIPITATION (IN)
  YESTERDAY        0.00          0.65 1923   0.01  -0.01
  MONTH TO DATE    0.05                      0.42  -0.37
  SINCE SEP 1      1.87                      3.20  -1.33
  SINCE JAN 1     11.77                     15.40  -3.63

SNOWFALL (IN)
  YESTERDAY        0.0
  MONTH TO DATE    T
  SINCE SEP 1     12.2
  SINCE JUL 1     12.2

DEGREE DAYS
 HEATING
  YESTERDAY       29                        26      3
  MONTH TO DATE  444                       560   -116
  SINCE SEP 1    924                       964    -40
  SINCE JUL 1    924                       970    -46

 COOLING
  YESTERDAY        0                         0      0
  MONTH TO DATE    0                         0      0
  SINCE SEP 1    150                       112     38
  SINCE JAN 1   1194                       909    285
...............................................................


WIND (MPH)
  HIGHEST WIND SPEED    17   HIGHEST WIND DIRECTION     N (360)
  HIGHEST GUST SPEED    23   HIGHEST GUST DIRECTION     N (360)
  AVERAGE WIND SPEED     9.3


SKY COVER
  AVERAGE SKY COVER 0.3


WEATHER CONDITIONS
 THE FOLLOWING WEATHER WAS RECORDED YESTERDAY.
  NO SIGNIFICANT WEATHER WAS OBSERVED.


RELATIVE HUMIDITY (PERCENT)
 HIGHEST    81           700 AM
 LOWEST     38           200 PM
 AVERAGE    60

..........................................................


THE CLAYTON  NM CLIMATE NORMALS FOR TODAY
                         NORMAL    RECORD    YEAR
 MAXIMUM TEMPERATURE (F)   51        80      1949
 MINIMUM TEMPERATURE (F)   25        -7      1976


SUNRISE AND SUNSET
NOVEMBER 28 2020......SUNRISE   643 AM MST   SUNSET   438 PM MST
NOVEMBER 29 2020......SUNRISE   644 AM MST   SUNSET   438 PM MST


-  INDICATES NEGATIVE NUMBERS.
R  INDICATES RECORD WAS SET OR TIED.
MM INDICATES DATA IS MISSING.
T  INDICATES TRACE AMOUNT.




$$
