000
CDUS41 KCAR 260621
CLICAR

CLIMATE REPORT
NATIONAL WEATHER SERVICE CARIBOU ME
121 AM EST THU NOV 26 2020

...................................

...THE CARIBOU ME CLIMATE SUMMARY FOR NOVEMBER 25 2020...

CLIMATE NORMAL PERIOD: 1981 TO 2010
CLIMATE RECORD PERIOD: 1939 TO 2020


WEATHER ITEM   OBSERVED TIME   RECORD YEAR NORMAL DEPARTURE LAST
                VALUE   (LST)  VALUE       VALUE  FROM      YEAR
                                                  NORMAL
...................................................................
TEMPERATURE (F)
 YESTERDAY
  MAXIMUM         27  11:00 PM  62    1953  34     -7       35
  MINIMUM         12   1:53 AM   0    1956  21     -9       27
  AVERAGE         20                        27     -7       31

PRECIPITATION (IN)
  YESTERDAY        0.27          2.11 1983   0.12   0.15     0.66
  MONTH TO DATE    3.25                      3.04   0.21     3.76
  SINCE SEP 1     11.61                      9.89   1.72     7.43
  SINCE JAN 1     31.25                     34.63  -3.38     8.08

SNOWFALL (IN)
  YESTERDAY        3.6           7.7  1971   0.5    3.1      5.8
  MONTH TO DATE    6.6                       7.9   -1.3     22.9
  SINCE SEP 1      8.1                       9.6   -1.5     22.9
  SINCE JUL 1      8.1                       9.6   -1.5     22.9
  SNOW DEPTH       T

DEGREE DAYS
 HEATING
  YESTERDAY       45                        38      7       34
  MONTH TO DATE  700                       811   -111      917
  SINCE SEP 1   1604                      1797   -193     1458
  SINCE JUL 1   1684                      1951   -267     1458

 COOLING
  YESTERDAY        0                         0      0        0
  MONTH TO DATE    0                         0      0        0
  SINCE SEP 1     24                        11     13        0
  SINCE JAN 1    479                       180    299        0
...................................................................


WIND (MPH)
  HIGHEST WIND SPEED    14   HIGHEST WIND DIRECTION     S (180)
  HIGHEST GUST SPEED    19   HIGHEST GUST DIRECTION     S (190)
  AVERAGE WIND SPEED     4.7


SKY COVER
  POSSIBLE SUNSHINE  MM
  AVERAGE SKY COVER 0.8


WEATHER CONDITIONS
THE FOLLOWING WEATHER WAS RECORDED YESTERDAY.
  HEAVY SNOW
  SNOW
  LIGHT SNOW
  FOG


RELATIVE HUMIDITY (PERCENT)
 HIGHEST    89          10:00 PM
 LOWEST     70           9:00 AM
 AVERAGE    80

..........................................................


THE CARIBOU ME CLIMATE NORMALS FOR TODAY
                         NORMAL    RECORD    YEAR
 MAXIMUM TEMPERATURE (F)   34        61      1953
 MINIMUM TEMPERATURE (F)   20         0      1940


SUNRISE AND SUNSET
NOVEMBER 26 2020......SUNRISE   6:51 AM EST   SUNSET   3:48 PM EST
NOVEMBER 27 2020......SUNRISE   6:52 AM EST   SUNSET   3:47 PM EST


-  INDICATES NEGATIVE NUMBERS.
*  INDICATES RECORD WAS SET OR TIED.
MM INDICATES DATA IS MISSING.
T  INDICATES TRACE AMOUNT.




$$
