000
CDAK48 PAFC 290109
CLICDB


CLIMATE REPORT
NATIONAL WEATHER SERVICE ANCHORAGE, AK
408 PM AKST SAT NOV 28 2020


...................................

...THE COLD BAY CLIMATE SUMMARY FOR NOVEMBER 28 2020...
VALID TODAY AS OF 0400 PM LOCAL TIME.

CLIMATE NORMAL PERIOD 1981 TO 2010
CLIMATE RECORD PERIOD 1942 TO 2020


WEATHER ITEM   OBSERVED TIME   RECORD YEAR NORMAL DEPARTURE LAST
                VALUE   (LST)  VALUE       VALUE  FROM      YEAR
                                                  NORMAL
..................................................................
TEMPERATURE (F)
 TODAY
  MAXIMUM         36   1202 AM  50    2004  37     -1       37
  MINIMUM         30    846 AM   1    1963  29      1       32
  AVERAGE         33                        33      0       35

PRECIPITATION (IN)
  TODAY            0.01          1.40 2017   0.17  -0.16     0.01
  MONTH TO DATE    5.08                      4.65   0.43     6.20
  SINCE SEP 1     14.03                     14.14  -0.11    19.03
  SINCE JAN 1     31.27                     36.88  -5.61    47.10

DEGREE DAYS
 HEATING
  TODAY           32                        32      0       30
  MONTH TO DATE  782                       849    -67      643
  SINCE SEP 1   2002                      2117   -115     1647
  SINCE JUL 1   2700                      2956   -256     2174

 COOLING
  TODAY            0                         0      0        0
  MONTH TO DATE    0                         0      0        0
  SINCE SEP 1      0                         0      0        0
  SINCE JAN 1      0                         0      0        0
..................................................................


WIND (MPH)
  RESULTANT WIND SPEED  24   RESULTANT WIND DIRECTION  NW (320)
  HIGHEST WIND SPEED    41   HIGHEST WIND DIRECTION     N (350)
  HIGHEST GUST SPEED    54   HIGHEST GUST DIRECTION     N (350)
  AVERAGE WIND SPEED    25.2



WEATHER CONDITIONS
 THE FOLLOWING WEATHER WAS RECORDED TODAY.
  LIGHT SNOW
  FOG
  HAZE


RELATIVE HUMIDITY (PERCENT)
 HIGHEST    89
 LOWEST     56
 AVERAGE    73

..........................................................


THE COLD BAY CLIMATE NORMALS FOR TOMORROW
                         NORMAL    RECORD    YEAR
 MAXIMUM TEMPERATURE (F)   37        50      2007
 MINIMUM TEMPERATURE (F)   29         1      1963


SUNRISE AND SUNSET
NOVEMBER 28 2020......SUNRISE   950 AM AKST  SUNSET   528 PM AKST
NOVEMBER 29 2020......SUNRISE   951 AM AKST  SUNSET   527 PM AKST


-  INDICATES NEGATIVE NUMBERS.
R  INDICATES RECORD WAS SET OR TIED.
MM INDICATES DATA IS MISSING.
T  INDICATES TRACE AMOUNT.




$$
