201
CDUS45 KSLC 260031
CLICDC


CLIMATE REPORT
NATIONAL WEATHER SERVICE SALT LAKE CITY UT
530 PM MST WED NOV 25 2020


...................................

...THE CEDAR CITY UT CLIMATE SUMMARY FOR NOVEMBER 25 2020...
VALID TODAY AS OF 0500 PM LOCAL TIME.

CLIMATE NORMAL PERIOD 1981 TO 2010
CLIMATE RECORD PERIOD 1928 TO 2020


WEATHER ITEM   OBSERVED TIME   RECORD YEAR NORMAL DEPARTURE LAST
                VALUE   (LST)  VALUE       VALUE  FROM      YEAR
                                                  NORMAL
..................................................................
TEMPERATURE (F)
 TODAY
  MAXIMUM         51    224 PM  70    2017  47      4       42
  MINIMUM         14    526 AM -12    2010  20     -6       21
  AVERAGE         33                        34     -1       32

PRECIPITATION (IN)
  TODAY            0.00          0.65 1983   0.03  -0.03     0.28
  MONTH TO DATE    0.37                      0.80  -0.43     1.77
  SINCE OCT 1      0.37                      2.14  -1.77     1.83
  SINCE JAN 1      4.41                     10.34  -5.93    11.12

DEGREE DAYS
 HEATING
  TODAY           32                        32      0       33
  MONTH TO DATE  550                       661   -111      578
  SINCE SEP 1    980                      1271   -291     1357
  SINCE JUL 1    980                      1280   -300     1357

 COOLING
  TODAY            0                         0      0        0
  MONTH TO DATE    0                         0      0        0
  SINCE SEP 1     97                        39     58       72
  SINCE JAN 1    968                       588    380      669
..................................................................


WIND (MPH)
  RESULTANT WIND SPEED   9   RESULTANT WIND DIRECTION  SW (220)
  HIGHEST WIND SPEED    26   HIGHEST WIND DIRECTION    SW (230)
  HIGHEST GUST SPEED    32   HIGHEST GUST DIRECTION     S (200)
  AVERAGE WIND SPEED    10.4



WEATHER CONDITIONS
 THE FOLLOWING WEATHER WAS RECORDED TODAY.
  NO SIGNIFICANT WEATHER WAS OBSERVED.


RELATIVE HUMIDITY (PERCENT)
 HIGHEST    88           700 AM
 LOWEST     21           400 PM
 AVERAGE    55

..........................................................


THE CEDAR CITY UT CLIMATE NORMALS FOR TOMORROW
                         NORMAL    RECORD    YEAR
 MAXIMUM TEMPERATURE (F)   47        73      2017
 MINIMUM TEMPERATURE (F)   20        -1      2010
                                             1951


SUNRISE AND SUNSET
NOVEMBER 25 2020......SUNRISE   723 AM MST   SUNSET   515 PM MST
NOVEMBER 26 2020......SUNRISE   724 AM MST   SUNSET   515 PM MST


-  INDICATES NEGATIVE NUMBERS.
R  INDICATES RECORD WAS SET OR TIED.
MM INDICATES DATA IS MISSING.
T  INDICATES TRACE AMOUNT.




$$
