260
CDUS44 KLUB 260725
CLICDS

CLIMATE REPORT
NATIONAL WEATHER SERVICE LUBBOCK TX
125 AM CST THU NOV 26 2020

...................................

...THE CHILDRESS CLIMATE SUMMARY FOR NOVEMBER 25 2020...

CLIMATE NORMAL PERIOD 1981 TO 2010
CLIMATE RECORD PERIOD 1893 TO 2020


WEATHER ITEM   OBSERVED TIME   RECORD YEAR NORMAL DEPARTURE LAST
                VALUE   (LST)  VALUE       VALUE  FROM      YEAR
                                                  NORMAL
...................................................................
TEMPERATURE (F)
 YESTERDAY
  MAXIMUM         63    345 PM  87    1965  60      3       66
                                      1970
  MINIMUM         36    734 AM  15    1993  35      1       36
  AVERAGE         50                        48      2       51

PRECIPITATION (IN)
  YESTERDAY        0.00          1.45 1940   0.03  -0.03     0.00
  MONTH TO DATE    0.16                      1.06  -0.90     0.26
  SINCE SEP 1      2.98                      5.73  -2.75     5.26
  SINCE JAN 1     18.41                     22.82  -4.41    21.42

SNOWFALL (IN)
  YESTERDAY        0.0
  MONTH TO DATE    0.0
  SINCE SEP 1      1.6
  SINCE JUL 1      1.6
  SNOW DEPTH       0

DEGREE DAYS
 HEATING
  YESTERDAY       15                        18     -3       14
  MONTH TO DATE  184                       315   -131      373
  SINCE SEP 1    444                       467    -23      643
  SINCE JUL 1    444                       467    -23      643

 COOLING
  YESTERDAY        0                         0      0        0
  MONTH TO DATE   15                         7      8        0
  SINCE SEP 1    338                       376    -38      547
  SINCE JAN 1   2421                      2207    214     2393
...................................................................


WIND (MPH)
  RESULTANT WIND SPEED   3   RESULTANT WIND DIRECTION   W (270)
  HIGHEST WIND SPEED    24   HIGHEST WIND DIRECTION    NW (310)
  HIGHEST GUST SPEED    31   HIGHEST GUST DIRECTION    NW (310)
  AVERAGE WIND SPEED     9.9


SKY COVER
  AVERAGE SKY COVER 0.0


WEATHER CONDITIONS
THE FOLLOWING WEATHER WAS RECORDED YESTERDAY.
  NO SIGNIFICANT WEATHER WAS OBSERVED.


RELATIVE HUMIDITY (PERCENT)
 HIGHEST    70          1200 AM
 LOWEST     20           300 PM
 AVERAGE    45

..........................................................


THE CHILDRESS CLIMATE NORMALS FOR TODAY
                         NORMAL    RECORD    YEAR
 MAXIMUM TEMPERATURE (F)   60        87      1970
 MINIMUM TEMPERATURE (F)   34        13      1993


SUNRISE AND SUNSET
NOVEMBER 26 2020......SUNRISE   725 AM CST   SUNSET   532 PM CST
NOVEMBER 27 2020......SUNRISE   726 AM CST   SUNSET   531 PM CST


-  INDICATES NEGATIVE NUMBERS.
R  INDICATES RECORD WAS SET OR TIED.
MM INDICATES DATA IS MISSING.
T  INDICATES TRACE AMOUNT.




$$
