000
CDUS46 KEKA 261212
CLICEC

CLIMATE REPORT
NATIONAL WEATHER SERVICE
412 AM PST THU NOV 26 2020

...................................

...THE CRESCENT CITY CA CLIMATE SUMMARY FOR NOVEMBER 25 2020...

CLIMATE NORMAL PERIOD: 1981 TO 2010
CLIMATE RECORD PERIOD: 1894 TO 2020


WEATHER ITEM   OBSERVED TIME   RECORD YEAR NORMAL DEPARTURE LAST
                VALUE   (LST)  VALUE       VALUE  FROM      YEAR
                                                  NORMAL
...................................................................
TEMPERATURE (F)
 YESTERDAY
  MAXIMUM         52   1:11 PM  68    1975  54     -2       53
  MINIMUM         37  11:09 PM  26    1895  43     -6       36
  AVERAGE         45                        48     -3       45

PRECIPITATION (IN)
  YESTERDAY        0.06          3.00 1915   0.33  -0.27     0.04
  MONTH TO DATE    4.70                      7.96  -3.26     0.44
  SINCE OCT 1      5.93                     12.20  -6.27     2.95
  SINCE JAN 1     31.95                     50.99 -19.04    49.03

SNOWFALL (IN)
  YESTERDAY       MM            MM      MM  MM     MM        0.0
  MONTH TO DATE    0.0                       0.0    0.0      0.0
  SINCE SEP 1      0.0                      MM     MM        0.0
  SINCE JUL 1      0.0                      MM     MM        0.0
  SNOW DEPTH      MM

DEGREE DAYS
 HEATING
  YESTERDAY       20                        17      3       20
  MONTH TO DATE  381                       369     12      382
  SINCE SEP 1    772                      1013   -241      905
  SINCE JUL 1   1213                      1533   -320     1259

 COOLING
  YESTERDAY        0                         0      0        0
  MONTH TO DATE    0                         0      0        0
  SINCE SEP 1     24                         0     24        0
  SINCE JAN 1     28                         0     28        4
...................................................................


WIND (MPH)
  HIGHEST WIND SPEED    13   HIGHEST WIND DIRECTION     S (180)
  HIGHEST GUST SPEED    16   HIGHEST GUST DIRECTION    SE (150)
  AVERAGE WIND SPEED     5.1


SKY COVER
  AVERAGE SKY COVER 0.5


WEATHER CONDITIONS
THE FOLLOWING WEATHER WAS RECORDED YESTERDAY.
  RAIN
  LIGHT RAIN
  FOG
  HAZE


RELATIVE HUMIDITY (PERCENT)
 HIGHEST   100
 LOWEST     79
 AVERAGE    90

..........................................................


THE CRESCENT CITY CA CLIMATE NORMALS FOR TODAY
                         NORMAL    RECORD    YEAR
 MAXIMUM TEMPERATURE (F)   54        73      2002
 MINIMUM TEMPERATURE (F)   43        30      1985


SUNRISE AND SUNSET
NOVEMBER 26 2020......SUNRISE   7:20 AM PST   SUNSET   4:49 PM PST
NOVEMBER 27 2020......SUNRISE   7:21 AM PST   SUNSET   4:48 PM PST


-  INDICATES NEGATIVE NUMBERS.
R  INDICATES RECORD WAS SET OR TIED.
MM INDICATES DATA IS MISSING.
T  INDICATES TRACE AMOUNT.




$$
